000
CDUS45 KBOI 070932
CLIBOI


CLIMATE REPORT
NATIONAL WEATHER SERVICE BOISE ID
331 AM MDT THU MAY 7 2015


...................................

...THE BOISE ID CLIMATE SUMMARY FOR MAY 6 2015...

CLIMATE NORMAL PERIOD 1981 TO 2010
CLIMATE RECORD PERIOD 1878 TO 2015


WEATHER ITEM   OBSERVED TIME   RECORD YEAR NORMAL DEPARTURE LAST
                VALUE   (LST)  VALUE       VALUE  FROM      YEAR
                                                  NORMAL
..................................................................
TEMPERATURE (F)
 YESTERDAY
  MAXIMUM         64    337 PM  95    1947  69     -5       66
  MINIMUM         41    423 AM  27    1968  44     -3       41
                                      1965
                                      1964
  AVERAGE         53                        56     -3       54

PRECIPITATION (IN)
  YESTERDAY        0.00          0.57 1995   0.05  -0.05     0.00
  MONTH TO DATE    T                         0.28  -0.28     0.01
  SINCE OCT 1      9.20                      8.78   0.42    10.42
  SINCE JAN 1      3.29                      5.13  -1.84     7.51

SNOWFALL (IN)
  YESTERDAY        0.0           T    1979   0.0    0.0      0.0
  MONTH TO DATE    0.0                       0.0    0.0      0.0
  SINCE OCT 1     13.3                      19.2   -5.9     14.4
  SINCE JUL 1     13.3                      19.2   -5.9     14.4
  SNOW DEPTH       0

DEGREE DAYS
 HEATING
  YESTERDAY       12                        10      2       11
  MONTH TO DATE   22                        62    -40       29
  SINCE MAR 1    896                      1127   -231     1048
  SINCE JUL 1   4491                      5286   -795     5388

 COOLING
  YESTERDAY        0                         1     -1        0
  MONTH TO DATE    2                         5     -3        1
  SINCE MAR 1      2                         8     -6        1
  SINCE JAN 1      2                         8     -6        1
..................................................................


WIND (MPH)
  HIGHEST WIND SPEED    21   HIGHEST WIND DIRECTION    NW (320)
  HIGHEST GUST SPEED    28   HIGHEST GUST DIRECTION    NW (330)
  AVERAGE WIND SPEED    12.9


SKY COVER
  POSSIBLE SUNSHINE  MM
  AVERAGE SKY COVER 0.2


WEATHER CONDITIONS
 THE FOLLOWING WEATHER WAS RECORDED YESTERDAY.
  NO SIGNIFICANT WEATHER WAS OBSERVED.


RELATIVE HUMIDITY (PERCENT)
 HIGHEST    57           700 AM
 LOWEST     19           400 PM
 AVERAGE    38

..........................................................


THE BOISE ID CLIMATE NORMALS FOR TODAY
                         NORMAL    RECORD    YEAR
 MAXIMUM TEMPERATURE (F)   69        93      1992
                                             1987
 MINIMUM TEMPERATURE (F)   44        26      1981


SUNRISE AND SUNSET
MAY  7 2015...........SUNRISE   630 AM MDT   SUNSET   854 PM MDT
MAY  8 2015...........SUNRISE   628 AM MDT   SUNSET   855 PM MDT


-  INDICATES NEGATIVE NUMBERS.
R  INDICATES RECORD WAS SET OR TIED.
MM INDICATES DATA IS MISSING.
T  INDICATES TRACE AMOUNT.




$$
