000
CDUS45 KRIW 060735
CLIBPI


CLIMATE REPORT
NATIONAL WEATHER SERVICE RIVERTON WY
135 AM MDT WED MAY 6 2015


...................................

...THE BIG PINEY WY CLIMATE SUMMARY FOR MAY 5 2015...

CLIMATE NORMAL PERIOD 1981 TO 2010
CLIMATE RECORD PERIOD 1976 TO 2015


WEATHER ITEM   OBSERVED TIME   RECORD YEAR NORMAL DEPARTURE LAST
                VALUE   (LST)  VALUE       VALUE  FROM      YEAR
                                                  NORMAL
..................................................................
TEMPERATURE (F)
 YESTERDAY
  MAXIMUM         64    106 PM  74    1986  58      6       68
  MINIMUM         32    508 AM  10    2010  27      5       34
  AVERAGE         48                        42      6       51

PRECIPITATION (IN)
  YESTERDAY        0.01          0.34 2005   0.02  -0.01     0.00
  MONTH TO DATE    0.05                      0.12  -0.07     0.00
  SINCE MAR 1      0.67                      1.09  -0.42     0.37
  SINCE JAN 1      0.73                      1.75  -1.02     0.41

DEGREE DAYS
 HEATING
  YESTERDAY       17                        23     -6       14
  MONTH TO DATE   86                       116    -30       82
  SINCE MAR 1   1796                      2124   -328     2000
  SINCE JUL 1   7896                      9647  -1751     8944

 COOLING
  YESTERDAY        0                         0      0        0
  MONTH TO DATE    0                         0      0        0
  SINCE MAR 1      0                         0      0        0
  SINCE JAN 1      0                         0      0        0
..................................................................


WIND (MPH)
  HIGHEST WIND SPEED    21   HIGHEST WIND DIRECTION     S (200)
  HIGHEST GUST SPEED    26   HIGHEST GUST DIRECTION    SW (210)
  AVERAGE WIND SPEED     5.6


SKY COVER
  POSSIBLE SUNSHINE  MM
  AVERAGE SKY COVER 0.6


WEATHER CONDITIONS
 THE FOLLOWING WEATHER WAS RECORDED YESTERDAY.
  THUNDERSTORM
  LIGHT RAIN


RELATIVE HUMIDITY (PERCENT)
 HIGHEST    96           500 AM
 LOWEST     34           100 PM
 AVERAGE    65

..........................................................


THE BIG PINEY WY CLIMATE NORMALS FOR TODAY
                         NORMAL    RECORD    YEAR
 MAXIMUM TEMPERATURE (F)   59        74      2004
 MINIMUM TEMPERATURE (F)   27        12      2003


SUNRISE AND SUNSET
MAY  6 2015...........SUNRISE   609 AM MDT   SUNSET   826 PM MDT
MAY  7 2015...........SUNRISE   608 AM MDT   SUNSET   827 PM MDT


-  INDICATES NEGATIVE NUMBERS.
R  INDICATES RECORD WAS SET OR TIED.
MM INDICATES DATA IS MISSING.
T  INDICATES TRACE AMOUNT.




$$
