000
CDAK49 PABR 030910
CLIBRW

CLIMATE REPORT
NATIONAL WEATHER SERVICE BARROW, AK
111 AM AKDT SUN MAY 3 2015

...................................
...THE BARROW WSO AP CLIMATE SUMMARY FOR MAY 2 2015...

CLIMATE NORMAL PERIOD  1981 TO  2010
CLIMATE RECORD PERIOD  1915 TO  2015

WEATHER ITEM   OBSERVED TIME    RECORD YEAR NORMAL DEPARTURE LAST
               VALUE    (LST)   VALUE       VALUE  FROM      YEAR
                                                   NORMAL
...................................................................
TEMPERATURE
YESTERDAY
 MAXIMUM            20   836 PM    37  2014     19       1     37
 MINIMUM            17  1050 PM   -18  1922      7      10     31
 AVERAGE            19                          13       6     34

PRECIPITATION
(INCHES)
 YESTERDAY           T           0.20  1923   0.01   -0.01   0.00
 MONTH TO DATE       T                        0.01   -0.01   0.05
 SINCE MAR 1      0.74                        0.26    0.48   0.40
 SINCE JAN 1      1.31                        0.53    0.78   0.77

SNOWFALL
(INCHES)
 YESTERDAY           T            3.0  1923    0.1    -0.1    0.0
 MONTH TO DATE     0.1                         0.2    -0.1    0.0
 SINCE MAR 1      10.7                         5.5     5.2    5.6
 SINCE JUL 1      53.8                        34.5    19.3   48.2
 SNOW DEPTH (IN)     7                                          4

DEGREE DAYS
 HEATING
  YESTERDAY         46                          52      -6     31
  MONTH TO DATE     99                         105      -6     60
  SINCE MAR 1     4188                        4404    -216   4044
  SINCE JUL 1    16331                       17252    -921  15767

 COOLING
  YESTERDAY          0                           0       0      0
  MONTH TO DATE      0                           0       0      0
  SINCE MAR 1        0                           0       0      0
  SINCE JAN 1        0                           0       0      0
...................................................................

WIND (MPH)
 HIGHEST WIND SPEED    20     HIGHEST WIND DIRECTION    110
 HIGHEST GUST SPEED    22     HIGHEST GUST DIRECTION    110
 AVERAGE WIND SPEED  12.4

SKY COVER
  POSSIBLE SUNSHINE    MM          AVERAGE SKY COVER     MM

WEATHER CONDITIONS
 THE FOLLOWING WEATHER WAS RECORDED YESTERDAY.
 FOG
SNOW


RELATIVE HUMIDITY
 HIGHEST RH    100 PERCENT      1153 PM
 LOWEST  RH     84 PERCENT       851 AM
 AVERAGE RH     93 PERCENT
...................................................................

THE BARROW CLIMATE NORMALS FOR TODAY
                           NORMAL    RECORD   YEAR
 MAXIMUM TEMPERATURE (F)     19        37     1946
 MINIMUM TEMPERATURE (F)      8       -16     1992

SUNRISE AND SUNSET
 MAY 3 2015..........SUNRISE  4:20 AM      SUNSET 12:36 AM
 MAY 4 2015..........SUNRISE  4:12 AM      SUNSET 12:44 AM

-  INDICATES NEGATIVE NUMBERS.
R  INDICATES RECORD HAS BEEN SET OR TIED.
MM INDICATES DATA IS MISSING.
T  INDICATES TRACE OF PRECIPITATION.

&&
-------------------------------------------------------------------

AMOUNT OF DAYLIGHT TODAY  (HOUR:MIN)........20 HOURS 16 MINUTES
GAIN/LOSS SINCE YESTERDAY (HOUR:MIN:SEC)....+0:15:08

$$
JML MAY 15
