000
CDUS44 KLIX 210720
CLIBTR


CLIMATE REPORT
NATIONAL WEATHER SERVICE NEW ORLEANS
220 AM CDT TUE APR 21 2015


...................................

...THE BATON ROUGE  ASOS CLIMATE SUMMARY FOR APRIL 20 2015...

CLIMATE NORMAL PERIOD 1981 TO 2010
CLIMATE RECORD PERIOD 1894 TO 2015


WEATHER ITEM   OBSERVED TIME   RECORD YEAR NORMAL DEPARTURE LAST
                VALUE   (LST)  VALUE       VALUE  FROM      YEAR
                                                  NORMAL
..................................................................
TEMPERATURE (F)
 YESTERDAY
  MAXIMUM         73    345 PM  93    1908  80     -7       85
  MINIMUM         58   1159 PM  39    2013  58      0       53
  AVERAGE         66                        69     -3       69

PRECIPITATION (IN)
  YESTERDAY        T             3.23 1935   0.15  -0.15     0.00
  MONTH TO DATE    5.02                      3.07   1.95     3.51
  SINCE MAR 1      8.40                      7.48   0.92     6.73
  SINCE JAN 1     18.15                     18.24  -0.09    16.00

SNOWFALL (IN)
  YESTERDAY        0.0
  MONTH TO DATE    0.0
  SINCE MAR 1      T
  SINCE JUL 1      T
  SNOW DEPTH       0

DEGREE DAYS
 HEATING
  YESTERDAY        0                         1     -1        0
  MONTH TO DATE    4                        44    -40       51
  SINCE MAR 1     97                       211   -114      272
  SINCE JUL 1   1639                      1546     93     1978

 COOLING
  YESTERDAY        1                         5     -4        4
  MONTH TO DATE  156                        80     76       68
  SINCE MAR 1    259                       138    121       94
  SINCE JAN 1    263                       169     94      114
..................................................................


WIND (MPH)
  HIGHEST WIND SPEED    17   HIGHEST WIND DIRECTION    NW (300)
  HIGHEST GUST SPEED    24   HIGHEST GUST DIRECTION    NW (320)
  AVERAGE WIND SPEED     5.8


SKY COVER
  POSSIBLE SUNSHINE  MM
  AVERAGE SKY COVER 0.1


WEATHER CONDITIONS
 THE FOLLOWING WEATHER WAS RECORDED YESTERDAY.
  NO SIGNIFICANT WEATHER WAS OBSERVED.


RELATIVE HUMIDITY (PERCENT)
 HIGHEST    93           400 AM
 LOWEST     44           400 PM
 AVERAGE    69

..........................................................


THE BATON ROUGE  ASOS CLIMATE NORMALS FOR TODAY
                         NORMAL    RECORD    YEAR
 MAXIMUM TEMPERATURE (F)   80        92      1987
 MINIMUM TEMPERATURE (F)   58        41      1953
                                             1934
                                             1901


SUNRISE AND SUNSET
APRIL 21 2015.........SUNRISE   631 AM CDT   SUNSET   736 PM CDT
APRIL 22 2015.........SUNRISE   630 AM CDT   SUNSET   737 PM CDT


-  INDICATES NEGATIVE NUMBERS.
R  INDICATES RECORD WAS SET OR TIED.
MM INDICATES DATA IS MISSING.
T  INDICATES TRACE AMOUNT.




$$
