000
CDUS41 KBUF 281239
CLIBUF


CLIMATE REPORT
NATIONAL WEATHER SERVICE BUFFALO NY
839 AM EDT TUE APR 28 2015


...................................

...THE BUFFALO NY CLIMATE SUMMARY FOR APRIL 27 2015...

CLIMATE NORMAL PERIOD 1981 TO 2010
CLIMATE RECORD PERIOD 1871 TO 2015


WEATHER ITEM   OBSERVED TIME   RECORD YEAR NORMAL DEPARTURE LAST
                VALUE   (LST)  VALUE       VALUE  FROM      YEAR
                                                  NORMAL
..................................................................
TEMPERATURE (F)
 YESTERDAY
  MAXIMUM         48    401 PM  84    1984  60    -12       54
  MINIMUM         39   1159 PM  25    1993  41     -2       38
  AVERAGE         44                        50     -6       46

PRECIPITATION (IN)
  YESTERDAY        0.03          1.06 1913   0.09  -0.06     0.00
  MONTH TO DATE    2.70                      2.71  -0.01     3.66
  SINCE MAR 1      4.14                      5.58  -1.44     6.21
  SINCE JAN 1      9.13                     11.25  -2.12    12.99

SNOWFALL (IN)
  YESTERDAY        0.0           0.2  1931   0.0    0.0      0.0
  MONTH TO DATE    0.3                       2.6   -2.3      1.2
  SINCE MAR 1      9.9                      15.5   -5.6     25.7
  SINCE JUL 1    112.9                      94.3   18.6    129.9
  SNOW DEPTH       0

DEGREE DAYS
 HEATING
  YESTERDAY       21                        15      6       19
  MONTH TO DATE  524                       533     -9      529
  SINCE MAR 1   1626                      1494    132     1707
  SINCE JUL 1   6774                      6238    536     6813

 COOLING
  YESTERDAY        0                         0      0        0
  MONTH TO DATE    0                         0      0        0
  SINCE MAR 1      0                         0      0        0
  SINCE JAN 1      0                         0      0        0
..................................................................


WIND (MPH)
  HIGHEST WIND SPEED    16   HIGHEST WIND DIRECTION    SW (230)
  HIGHEST GUST SPEED    20   HIGHEST GUST DIRECTION    SW (230)
  AVERAGE WIND SPEED     9.3


SKY COVER
  AVERAGE SKY COVER 0.9


WEATHER CONDITIONS
 THE FOLLOWING WEATHER WAS RECORDED YESTERDAY.
  LIGHT RAIN
  FOG


RELATIVE HUMIDITY (PERCENT)
 HIGHEST    86           600 AM
 LOWEST     60           200 PM
 AVERAGE    73

..........................................................


THE BUFFALO NY CLIMATE NORMALS FOR TODAY
                         NORMAL    RECORD    YEAR
 MAXIMUM TEMPERATURE (F)   60        94      1990
 MINIMUM TEMPERATURE (F)   41        24      1947


SUNRISE AND SUNSET
APRIL 28 2015.........SUNRISE   614 AM EDT   SUNSET   812 PM EDT
APRIL 29 2015.........SUNRISE   612 AM EDT   SUNSET   813 PM EDT


-  INDICATES NEGATIVE NUMBERS.
R  INDICATES RECORD WAS SET OR TIED.
MM INDICATES DATA IS MISSING.
T  INDICATES TRACE AMOUNT.




$$
