000
CDUS41 KCAR 242034
CLICAR


CLIMATE REPORT
NATIONAL WEATHER SERVICE CARIBOU, ME
432 PM EDT FRI APR 24 2015


...................................

...THE CARIBOU ME CLIMATE SUMMARY FOR APRIL 24 2015...
VALID TODAY AS OF 0400 PM LOCAL TIME.

CLIMATE NORMAL PERIOD 1981 TO 2010
CLIMATE RECORD PERIOD 1939 TO 2015


WEATHER ITEM   OBSERVED TIME   RECORD YEAR NORMAL DEPARTURE LAST
                VALUE   (LST)  VALUE       VALUE  FROM      YEAR
                                                  NORMAL
..................................................................
TEMPERATURE (F)
 TODAY
  MAXIMUM         40   1248 PM  80    1942  53    -13       35
  MINIMUM         32    526 AM  20    2004  33     -1       33
  AVERAGE         36                        43     -7       34

PRECIPITATION (IN)
  TODAY            0.09          1.28 1970   0.08   0.01     0.80
  MONTH TO DATE    2.08                      2.12  -0.04     4.37
  SINCE MAR 1      3.73                      4.63  -0.90     7.81
  SINCE JAN 1      7.83                      9.55  -1.72    14.03

SNOWFALL (IN)
  TODAY            T             3.3  2014   0.1   -0.1      3.3
  MONTH TO DATE    8.5                       6.9    1.6      9.2
  SINCE MAR 1     33.4                      25.2    8.2     51.3
  SINCE JUL 1    141.7                     107.7   34.0    150.7
  SNOW DEPTH       T

DEGREE DAYS
 HEATING
  TODAY           29                        22      7       31
  MONTH TO DATE  715                       672     43      683
  SINCE MAR 1   2117                      1926    191     2223
  SINCE JUL 1   8858                      8647    211     8877

 COOLING
  TODAY            0                         0      0        0
  MONTH TO DATE    0                         0      0        0
  SINCE MAR 1      0                         0      0        0
  SINCE JAN 1      0                         0      0        0
..................................................................


WIND (MPH)
  HIGHEST WIND SPEED    15   HIGHEST WIND DIRECTION    NW (330)
  HIGHEST GUST SPEED    19   HIGHEST GUST DIRECTION     N (340)
  AVERAGE WIND SPEED     8.2


SKY COVER
  POSSIBLE SUNSHINE  MM
  AVERAGE SKY COVER 1.0


WEATHER CONDITIONS
 THE FOLLOWING WEATHER WAS RECORDED TODAY.
  LIGHT RAIN
  LIGHT SNOW
  FOG


RELATIVE HUMIDITY (PERCENT)
 HIGHEST    89          1200 AM
 LOWEST     85          1000 AM
 AVERAGE    87

..........................................................


THE CARIBOU ME CLIMATE NORMALS FOR TOMORROW
                         NORMAL    RECORD    YEAR
 MAXIMUM TEMPERATURE (F)   53        77      2009
 MINIMUM TEMPERATURE (F)   34        17      2004


SUNRISE AND SUNSET
APRIL 24 2015.........SUNRISE   529 AM EDT   SUNSET   732 PM EDT
APRIL 25 2015.........SUNRISE   527 AM EDT   SUNSET   734 PM EDT


-  INDICATES NEGATIVE NUMBERS.
R  INDICATES RECORD WAS SET OR TIED.
MM INDICATES DATA IS MISSING.
T  INDICATES TRACE AMOUNT.




$$
