000
CDAK48 PACD 211108
CLICDB

CLIMATE REPORT
NATIONAL WEATHER SERVICE COLD BAY, AK
308 AM AKDT TUE APR 21 2015

...................................
...THE COLD BAY AP CLIMATE SUMMARY FOR APRIL 20 2015...

CLIMATE NORMAL PERIOD  1981 TO  2010
CLIMATE RECORD PERIOD  1942 TO  2015

WEATHER ITEM   OBSERVED TIME    RECORD YEAR NORMAL DEPARTURE LAST
               VALUE    (LST)   VALUE       VALUE  FROM      YEAR
                                                   NORMAL
...................................................................
TEMPERATURE
YESTERDAY
 MAXIMUM            42  0240 PM    49  1981     40       2     42
 MINIMUM            26  1157 PM    15  2005     30      -4     28
 AVERAGE            34                          35      -1     35

PRECIPITATION
(INCHES)
 YESTERDAY        0.12           2.16  1993   0.08    0.04      T
 MONTH TO DATE    1.10                        1.63   -0.53   1.52
 SINCE MAR 1      4.25                        4.33   -0.08   2.91
 SINCE JAN 1      6.76                       10.47   -3.71  11.36

SNOWFALL
(INCHES)
 YESTERDAY         1.1R           0.8  1988    0.2     0.9      T
 MONTH TO DATE     7.6                         5.2     2.4    1.4
 SINCE MAR 1      13.2                        18.2    -5.0    8.2
 SINCE JUL 1      21.9                        70.4   -48.5   37.3
 SNOW DEPTH (IN)     1                                          0

DEGREE DAYS
 HEATING
  YESTERDAY         31                          30       1     30
  MONTH TO DATE    630                         641     -11    533
  SINCE MAR 1     1572                        1720    -148   1497
  SINCE JUL 1     6945                        7944    -999   6641

 COOLING
  YESTERDAY          0                           0       0      0
  MONTH TO DATE      0                           0       0      0
  SINCE MAR 1        0                           0       0      0
  SINCE JAN 1        0                           0       0      0
...................................................................

WIND (MPH)
 HIGHEST WIND SPEED    33     HIGHEST WIND DIRECTION    220
 HIGHEST GUST SPEED    42     HIGHEST GUST DIRECTION    220
 AVERAGE WIND SPEED  14.3


WEATHER CONDITIONS
 THE FOLLOWING WEATHER WAS RECORDED YESTERDAY.
  FOG
  BLOWING SNOW
  RAIN
  SNOW

...................................................................

THE COLD BAY CLIMATE NORMALS FOR TODAY
                           NORMAL    RECORD   YEAR
 MAXIMUM TEMPERATURE (F)     40        51     1981
 MINIMUM TEMPERATURE (F)     30        17     1984

SUNRISE AND SUNSET
 APR 21 2015..........SUNRISE  7:33 AM      SUNSET 10:08 PM
 APR 22 2015..........SUNRISE  7:31 AM      SUNSET 10:10 PM

-  INDICATES NEGATIVE NUMBERS.
R  INDICATES RECORD HAS BEEN SET OR TIED.
MM INDICATES DATA IS MISSING.
T  INDICATES TRACE OF PRECIPITATION.

&&
-------------------------------------------------------------------

AMOUNT OF DAYLIGHT TODAY  (HOUR:MIN)........14 HOURS 35 MINUTES
GAIN SINCE YESTERDAY (HOUR:MIN:SEC).........+0:04:20

$$

RCS APR 15
