000
CDUS44 KLUB 020627
CLICDS


CLIMATE REPORT
NATIONAL WEATHER SERVICE LUBBOCK, TX
125 AM CDT THU APR 2 2015


...................................

...THE CHILDRESS CLIMATE SUMMARY FOR APRIL 1 2015...

CLIMATE NORMAL PERIOD 1981 TO 2010
CLIMATE RECORD PERIOD 1893 TO 2015


WEATHER ITEM   OBSERVED TIME   RECORD YEAR NORMAL DEPARTURE LAST
                VALUE   (LST)  VALUE       VALUE  FROM      YEAR
                                                  NORMAL
..................................................................
TEMPERATURE (F)
 YESTERDAY
  MAXIMUM         91    338 PM  98    1946  73     18       76
  MINIMUM         53    700 AM  25    1931  44      9       44
                                      1909
  AVERAGE         72                        58     14       60

PRECIPITATION (IN)
  YESTERDAY        0.00          1.28 2000   0.05  -0.05     0.00
  MONTH TO DATE    0.00                      0.05  -0.05     0.00
  SINCE MAR 1      0.14                      1.58  -1.44     0.46
  SINCE JAN 1      1.31                      3.36  -2.05     0.82

SNOWFALL (IN)
  YESTERDAY        0.0                       0.0    0.0      0.0
  MONTH TO DATE    0.0                       0.0    0.0      0.0
  SINCE MAR 1      0.0                       0.4   -0.4       T
  SINCE JUL 1      2.0                       6.8   -4.8      9.5
  SNOW DEPTH       0

DEGREE DAYS
 HEATING
  YESTERDAY        0                         8     -8        5
  MONTH TO DATE    0                         8     -8        5
  SINCE MAR 1    334                       383    -49      463
  SINCE JUL 1   2831                      2943   -112     3279

 COOLING
  YESTERDAY        7                         1      6        0
  MONTH TO DATE    7                         1      6        0
  SINCE MAR 1     24                        19      5       10
  SINCE JAN 1     24                        20      4       10
..................................................................


WIND (MPH)
  RESULTANT WIND SPEED  12   RESULTANT WIND DIRECTION   S (190)
  HIGHEST WIND SPEED    28   HIGHEST WIND DIRECTION     S (190)
  HIGHEST GUST SPEED    33   HIGHEST GUST DIRECTION     S (190)
  AVERAGE WIND SPEED    14.3


SKY COVER
  AVERAGE SKY COVER 0.0


WEATHER CONDITIONS
 THE FOLLOWING WEATHER WAS RECORDED YESTERDAY.
  NO SIGNIFICANT WEATHER WAS OBSERVED.


RELATIVE HUMIDITY (PERCENT)
 HIGHEST    93           700 AM
 LOWEST     19           400 PM
 AVERAGE    56

..........................................................


THE CHILDRESS CLIMATE NORMALS FOR TODAY
                         NORMAL    RECORD    YEAR
 MAXIMUM TEMPERATURE (F)   73        94      1903
 MINIMUM TEMPERATURE (F)   44        22      1936


SUNRISE AND SUNSET
APRIL  2 2015.........SUNRISE   727 AM CDT   SUNSET   803 PM CDT
APRIL  3 2015.........SUNRISE   726 AM CDT   SUNSET   804 PM CDT


-  INDICATES NEGATIVE NUMBERS.
R  INDICATES RECORD WAS SET OR TIED.
MM INDICATES DATA IS MISSING.
T  INDICATES TRACE AMOUNT.




$$
