000
CDUS45 KGJT 070757
CLICEZ


CLIMATE REPORT
NATIONAL WEATHER SERVICE GRAND JUNCTION CO
155 AM MDT THU MAY 7 2015


...................................

...THE CORTEZ CO CLIMATE SUMMARY FOR MAY 6 2015...

CLIMATE NORMAL PERIOD 1981 TO 2010
CLIMATE RECORD PERIOD 9999 TO 9999


WEATHER ITEM   OBSERVED TIME   RECORD YEAR NORMAL DEPARTURE LAST
                VALUE   (LST)  VALUE       VALUE  FROM      YEAR
                                                  NORMAL
..................................................................
TEMPERATURE (F)
 YESTERDAY
  MAXIMUM         67    355 PM  MM      MM  71     -4       72
  MINIMUM         48   1159 PM  MM      MM  34     14       47
  AVERAGE         58                        53      5       60

PRECIPITATION (IN)
  YESTERDAY        T            MM      MM   0.04  -0.04     0.00
  MONTH TO DATE    0.39                      0.25   0.14     0.00
  SINCE MAR 1      0.74                      2.58  -1.84     1.03
  SINCE JAN 1      3.36                      4.47  -1.11     1.87

SNOWFALL (IN)
  YESTERDAY       MM            MM      MM  MM     MM       MM
  MONTH TO DATE   MM                        MM     MM       MM
  SINCE MAR 1     MM                        MM     MM       MM
  SINCE JUL 1     MM                        MM     MM       MM
  SNOW DEPTH      MM

DEGREE DAYS
 HEATING
  YESTERDAY        7                        12     -5        5
  MONTH TO DATE   48                        78    -30       63
  SINCE MAR 1   1176                      1418   -242     1366
  SINCE JUL 1   5274                      6148   -874     5950

 COOLING
  YESTERDAY        0                         0      0        0
  MONTH TO DATE    0                         0      0        0
  SINCE MAR 1      0                         0      0        0
  SINCE JAN 1      0                         0      0        0
..................................................................


WIND (MPH)
  HIGHEST WIND SPEED    32   HIGHEST WIND DIRECTION     S (170)
  HIGHEST GUST SPEED    41   HIGHEST GUST DIRECTION     S (190)
  AVERAGE WIND SPEED     8.9


SKY COVER
  POSSIBLE SUNSHINE  MM
  AVERAGE SKY COVER 0.8


WEATHER CONDITIONS
 THE FOLLOWING WEATHER WAS RECORDED YESTERDAY.
  THUNDERSTORM
  LIGHT RAIN
  FOG


RELATIVE HUMIDITY (PERCENT)
 HIGHEST    93          1200 AM
 LOWEST     34           400 PM
 AVERAGE    64

..........................................................


THE CORTEZ CO CLIMATE NORMALS FOR TODAY
                         NORMAL    RECORD    YEAR
 MAXIMUM TEMPERATURE (F)   72        MM        MM
 MINIMUM TEMPERATURE (F)   35        MM        MM


SUNRISE AND SUNSET
MAY  7 2015...........SUNRISE   613 AM MDT   SUNSET   809 PM MDT
MAY  8 2015...........SUNRISE   612 AM MDT   SUNSET   810 PM MDT


-  INDICATES NEGATIVE NUMBERS.
R  INDICATES RECORD WAS SET OR TIED.
MM INDICATES DATA IS MISSING.
T  INDICATES TRACE AMOUNT.




$$
