000
CDUS41 KLWX 270522
CLICHO


CLIMATE REPORT
NATIONAL WEATHER SERVICE BALTIMORE MD/WASHINGTON DC
121 AM EDT MON APR 27 2015


...................................

...THE CHARLOTTESVILLE VA CLIMATE SUMMARY FOR APRIL 26 2015...

CLIMATE NORMAL PERIOD 1981 TO 2010
CLIMATE RECORD PERIOD 1889 TO 2015


WEATHER ITEM   OBSERVED TIME   RECORD YEAR NORMAL DEPARTURE LAST
                VALUE   (LST)  VALUE       VALUE  FROM      YEAR
                                                  NORMAL
..................................................................
TEMPERATURE (F)
 YESTERDAY
  MAXIMUM         62    525 PM  MM      MM  70     -8       78
  MINIMUM         40    552 AM  MM      MM  46     -6       47
  AVERAGE         51                        58     -7       63

PRECIPITATION (IN)
  YESTERDAY        0.13                      0.11   0.02     0.00
  MONTH TO DATE    4.44                      2.96   1.48     2.55
  SINCE MAR 1      7.95                      6.62   1.33     5.04
  SINCE JAN 1     10.61                     12.09  -1.48    10.13

DEGREE DAYS
 HEATING
  YESTERDAY       14                         8      6        2
  MONTH TO DATE  209                       280    -71      254
  SINCE MAR 1    816                       872    -56      981
  SINCE JUL 1   4331                      4284     47     4490

 COOLING
  YESTERDAY        0                         1     -1        0
  MONTH TO DATE    8                        18    -10        9
  SINCE MAR 1      8                        20    -12        9
  SINCE JAN 1      8                        20    -12        9
..................................................................


WIND (MPH)
  HIGHEST WIND SPEED    12   HIGHEST WIND DIRECTION    NE (30)
  HIGHEST GUST SPEED    18   HIGHEST GUST DIRECTION    NE (30)
  AVERAGE WIND SPEED     3.0


SKY COVER
  POSSIBLE SUNSHINE  MM
  AVERAGE SKY COVER 0.6


WEATHER CONDITIONS
 THE FOLLOWING WEATHER WAS RECORDED YESTERDAY.
  RAIN
  LIGHT RAIN
  FOG


RELATIVE HUMIDITY (PERCENT)
 HIGHEST   100           200 AM
 LOWEST     39           300 PM
 AVERAGE    70

..........................................................


THE CHARLOTTESVILLE VA CLIMATE NORMALS FOR TODAY
                         NORMAL    RECORD    YEAR
 MAXIMUM TEMPERATURE (F)   71        MM        MM
 MINIMUM TEMPERATURE (F)   46        MM        MM


SUNRISE AND SUNSET
APRIL 27 2015.........SUNRISE   623 AM EDT   SUNSET   801 PM EDT
APRIL 28 2015.........SUNRISE   621 AM EDT   SUNSET   802 PM EDT


-  INDICATES NEGATIVE NUMBERS.
R  INDICATES RECORD WAS SET OR TIED.
MM INDICATES DATA IS MISSING.
T  INDICATES TRACE AMOUNT.




$$
