000
CDUS46 KLOX 050912
CLICMA


CLIMATE REPORT
NATIONAL WEATHER SERVICE LOS ANGELES/OXNARD CA
212 AM PDT TUE MAY 5 2015


...................................

...THE CAMARILLO AIRPORT CA CLIMATE SUMMARY FOR MAY 4 2015...

CLIMATE NORMAL PERIOD 1981 TO 2010
CLIMATE RECORD PERIOD 1948 TO 2015


WEATHER ITEM   OBSERVED TIME   RECORD YEAR NORMAL DEPARTURE LAST
                VALUE   (LST)  VALUE       VALUE  FROM      YEAR
                                                  NORMAL
..................................................................
TEMPERATURE (F)
 YESTERDAY
  MAXIMUM         67    254 PM  90    1953  71     -4       73
  MINIMUM         50    433 AM  41    1964  49      1       53
  AVERAGE         59                        60     -1       63

PRECIPITATION (IN)
  YESTERDAY        0.00          0.20 1956   0.02  -0.02     0.00
  MONTH TO DATE    0.00                      0.08  -0.08     0.00
  SINCE OCT 1      8.13                     14.70  -6.57     4.96
  SINCE JAN 1      3.22                     10.70  -7.48     4.18

SNOWFALL (IN)
  YESTERDAY        0.0
  MONTH TO DATE    0.0
  SINCE MAR 1      0.0
  SINCE JUL 1      0.0

DEGREE DAYS
 HEATING
  YESTERDAY        6                         5      1        2
  MONTH TO DATE   14                        21     -7        2
  SINCE MAR 1    222                       505   -283      298
  SINCE JUL 1    879                      1841   -962     1251

 COOLING
  YESTERDAY        0                         0      0        0
  MONTH TO DATE    1                         0      1       19
  SINCE MAR 1     70                        11     59       53
  SINCE JAN 1    109                        20     89       81
..................................................................


WIND (MPH)
  HIGHEST WIND SPEED    14   HIGHEST WIND DIRECTION     W (260)
  HIGHEST GUST SPEED    19   HIGHEST GUST DIRECTION    SW (210)
  AVERAGE WIND SPEED     6.2


SKY COVER
  POSSIBLE SUNSHINE  MM
  AVERAGE SKY COVER 0.3


WEATHER CONDITIONS
 THE FOLLOWING WEATHER WAS RECORDED YESTERDAY.
  NO SIGNIFICANT WEATHER WAS OBSERVED.


RELATIVE HUMIDITY (PERCENT)
 HIGHEST    83           100 AM
 LOWEST     52           200 PM
 AVERAGE    68

..........................................................


THE CAMARILLO AIRPORT CA CLIMATE NORMALS FOR TODAY
                         NORMAL    RECORD    YEAR
 MAXIMUM TEMPERATURE (F)   71        89      1953
 MINIMUM TEMPERATURE (F)   50        36      1964


SUNRISE AND SUNSET
MAY  5 2015...........SUNRISE   603 AM PDT   SUNSET   744 PM PDT
MAY  6 2015...........SUNRISE   602 AM PDT   SUNSET   744 PM PDT


-  INDICATES NEGATIVE NUMBERS.
R  INDICATES RECORD WAS SET OR TIED.
MM INDICATES DATA IS MISSING.
T  INDICATES TRACE AMOUNT.




$$
