000
CDUS45 KRIW 010739
CLICPR


CLIMATE REPORT
NATIONAL WEATHER SERVICE RIVERTON WY
128 AM MDT WED APR 1 2015


...................................

...THE CASPER WY CLIMATE SUMMARY FOR MARCH 31 2015...

CLIMATE NORMAL PERIOD 1981 TO 2010
CLIMATE RECORD PERIOD 1939 TO 2015


WEATHER ITEM   OBSERVED TIME   RECORD YEAR NORMAL DEPARTURE LAST
                VALUE   (LST)  VALUE       VALUE  FROM      YEAR
                                                  NORMAL
..................................................................
TEMPERATURE (F)
 YESTERDAY
  MAXIMUM         76    207 PM  77    2012  52     24       38
  MINIMUM         31    118 AM   5    1954  26      5       23
  AVERAGE         54                        39     15       31

PRECIPITATION (IN)
  YESTERDAY        0.00          0.28 1960   0.03  -0.03     0.17
  MONTH TO DATE    0.64                      0.82  -0.18     1.64
  SINCE MAR 1      0.64                      0.82  -0.18     1.64
  SINCE JAN 1      1.95                      1.90   0.05     3.12

SNOWFALL (IN)
  YESTERDAY        0.0                       0.4   -0.4      2.4
  MONTH TO DATE    9.3                      10.9   -1.6     18.7
  SINCE MAR 1      9.3                      10.9   -1.6     18.7
  SINCE JUL 1     60.7                      60.3    0.4     84.9
  SNOW DEPTH       0

DEGREE DAYS
 HEATING
  YESTERDAY       11                        26    -15       34
  MONTH TO DATE  769                       924   -155      912
  SINCE MAR 1    769                       925   -156      912
  SINCE JUL 1   5820                      6373   -553     6676

 COOLING
  YESTERDAY        0                         0      0        0
  MONTH TO DATE    0                         0      0        0
  SINCE MAR 1      0                         0      0        0
  SINCE JAN 1      0                         0      0        0
..................................................................


WIND (MPH)
  HIGHEST WIND SPEED    25   HIGHEST WIND DIRECTION    SW (230)
  HIGHEST GUST SPEED    37   HIGHEST GUST DIRECTION     W (290)
  AVERAGE WIND SPEED    12.7


SKY COVER
  POSSIBLE SUNSHINE  MM
  AVERAGE SKY COVER 0.0


WEATHER CONDITIONS
 THE FOLLOWING WEATHER WAS RECORDED YESTERDAY.
  NO SIGNIFICANT WEATHER WAS OBSERVED.


RELATIVE HUMIDITY (PERCENT)
 HIGHEST    56          1200 AM
 LOWEST      9           200 PM
 AVERAGE    33

..........................................................


THE CASPER WY CLIMATE NORMALS FOR TODAY
                         NORMAL    RECORD    YEAR
 MAXIMUM TEMPERATURE (F)   53        75      2012
                                             2004
 MINIMUM TEMPERATURE (F)   26        -1      1975


SUNRISE AND SUNSET
APRIL  1 2015.........SUNRISE   648 AM MDT   SUNSET   732 PM MDT
APRIL  2 2015.........SUNRISE   647 AM MDT   SUNSET   733 PM MDT


-  INDICATES NEGATIVE NUMBERS.
R  INDICATES RECORD WAS SET OR TIED.
MM INDICATES DATA IS MISSING.
T  INDICATES TRACE AMOUNT.




$$
