000
CDUS46 KLOX 200120
CLICQT


CLIMATE REPORT
NATIONAL WEATHER SERVICE LOS ANGELES/OXNARD CA
620 PM PDT SUN APR 19 2015


...................................

...THE DOWNTOWN LOS ANGELES (USC) CA CLIMATE SUMMARY FOR APRIL 19 2015...
VALID TODAY AS OF 0600 PM LOCAL TIME.

CLIMATE NORMAL PERIOD 1981 TO 2010
CLIMATE RECORD PERIOD 1877 TO 2015


WEATHER ITEM   OBSERVED TIME   RECORD YEAR NORMAL DEPARTURE LAST
                VALUE   (LST)  VALUE       VALUE  FROM      YEAR
                                                  NORMAL
..................................................................
TEMPERATURE (F)
 TODAY
  MAXIMUM         75   1149 AM  94    2009  73      2       72
  MINIMUM         55    524 AM  40    1880  54      1       57
  AVERAGE         65                        64      1       65

PRECIPITATION (IN)
  TODAY            0.00          0.86 1904   0.02  -0.02     0.00
  MONTH TO DATE    0.13                      0.65  -0.52     0.29
  SINCE OCT 1      7.53                     14.03  -6.50     5.93
  SINCE JAN 1      2.92                     10.00  -7.08     5.05

SNOWFALL (IN)
  TODAY            0.0
  MONTH TO DATE    0.0
  SINCE MAR 1      0.0
  SINCE JUL 1      0.0

DEGREE DAYS
 HEATING
  TODAY            0                         3     -3        0
  MONTH TO DATE   21                        69    -48       40
  SINCE MAR 1     50                       226   -176      103
  SINCE JUL 1    413                      1001   -588      580

 COOLING
  TODAY            0                         2     -2        0
  MONTH TO DATE   35                        21     14       26
  SINCE MAR 1    172                        41    131       55
  SINCE JAN 1    229                        64    165       78
..................................................................


WIND (MPH)
  HIGHEST WIND SPEED     9   HIGHEST WIND DIRECTION     W (270)
  HIGHEST GUST SPEED    14   HIGHEST GUST DIRECTION     W (270)
  AVERAGE WIND SPEED     1.8


SKY COVER
  POSSIBLE SUNSHINE  MM
  AVERAGE SKY COVER 0.0


WEATHER CONDITIONS
 THE FOLLOWING WEATHER WAS RECORDED TODAY.
  FOG
  HAZE


RELATIVE HUMIDITY (PERCENT)
 HIGHEST    86           200 AM
 LOWEST     49          1100 AM
 AVERAGE    68

..........................................................


THE DOWNTOWN LOS ANGELES (USC) CA CLIMATE NORMALS FOR TOMORROW
                         NORMAL    RECORD    YEAR
 MAXIMUM TEMPERATURE (F)   73       100      2009
 MINIMUM TEMPERATURE (F)   54        38      1896


SUNRISE AND SUNSET
APRIL 19 2015.........SUNRISE   618 AM PDT   SUNSET   728 PM PDT
APRIL 20 2015.........SUNRISE   616 AM PDT   SUNSET   728 PM PDT


-  INDICATES NEGATIVE NUMBERS.
R  INDICATES RECORD WAS SET OR TIED.
MM INDICATES DATA IS MISSING.
T  INDICATES TRACE AMOUNT.




$$
