000
CDUS42 KILM 262040
CLICRE


CLIMATE REPORT
NATIONAL WEATHER SERVICE WILMINGTON NC
440 PM EDT SUN APR 26 2015


...................................

...THE NORTH MYRTLE BEACH SC CLIMATE SUMMARY FOR APRIL 26 2015...
VALID TODAY AS OF 0400 PM LOCAL TIME.

CLIMATE NORMAL PERIOD 1981 TO 2010
CLIMATE RECORD PERIOD 1949 TO 2015


WEATHER ITEM   OBSERVED TIME   RECORD YEAR NORMAL DEPARTURE LAST
                VALUE   (LST)  VALUE       VALUE  FROM      YEAR
                                                  NORMAL
..................................................................
TEMPERATURE (F)
 TODAY
  MAXIMUM         74   1035 AM  92    1990  74      0       77
  MINIMUM         66    249 PM  42    2001  55     11       59
  AVERAGE         70                        64      6       68

PRECIPITATION (IN)
  TODAY            0.00                      0.09  -0.09     0.00
  MONTH TO DATE    2.95                      2.60   0.35     1.98
  SINCE MAR 1      5.38                      6.52  -1.14     6.72
  SINCE JAN 1     12.57                     13.63  -1.06    10.84

SNOWFALL (IN)
  TODAY           MM
  MONTH TO DATE   MM
  SINCE MAR 1     MM
  SINCE JUL 1     MM
  SNOW DEPTH      MM

DEGREE DAYS
 HEATING
  TODAY            0                         3     -3        0
  MONTH TO DATE   38                       132    -94      105
  SINCE MAR 1    338                       470   -132      553
  SINCE JUL 1   2393                      2414    -21     2577

 COOLING
  TODAY            5                         2      3        3
  MONTH TO DATE   50                        29     21       20
  SINCE MAR 1     57                        32     25       20
  SINCE JAN 1     58                        32     26       20
..................................................................


WIND (MPH)
  HIGHEST WIND SPEED    16   HIGHEST WIND DIRECTION     N (20)
  HIGHEST GUST SPEED    22   HIGHEST GUST DIRECTION     N (360)
  AVERAGE WIND SPEED     8.3


SKY COVER
  POSSIBLE SUNSHINE  MM
  AVERAGE SKY COVER 0.6


WEATHER CONDITIONS
 THE FOLLOWING WEATHER WAS RECORDED TODAY.
  NO SIGNIFICANT WEATHER WAS OBSERVED.


RELATIVE HUMIDITY (PERCENT)
 HIGHEST    90          1200 AM
 LOWEST     63           200 PM
 AVERAGE    77

..........................................................


THE NORTH MYRTLE BEACH SC CLIMATE NORMALS FOR TOMORROW
                         NORMAL    RECORD    YEAR
 MAXIMUM TEMPERATURE (F)   74        85      2012
 MINIMUM TEMPERATURE (F)   55        38      2001


SUNRISE AND SUNSET
APRIL 26 2015.........SUNRISE   632 AM EDT   SUNSET   754 PM EDT
APRIL 27 2015.........SUNRISE   630 AM EDT   SUNSET   755 PM EDT


-  INDICATES NEGATIVE NUMBERS.
R  INDICATES RECORD WAS SET OR TIED.
MM INDICATES DATA IS MISSING.
T  INDICATES TRACE AMOUNT.




$$
