000
CDUS41 KRLX 180738
CLICRW


CLIMATE REPORT
NATIONAL WEATHER SERVICE CHARLESTON WV
335 AM EDT SAT APR 18 2015


...................................

...THE CHARLESTON WV CLIMATE SUMMARY FOR APRIL 17 2015...

CLIMATE NORMAL PERIOD 1981 TO 2010
CLIMATE RECORD PERIOD 1901 TO 2015


WEATHER ITEM   OBSERVED TIME   RECORD YEAR NORMAL DEPARTURE LAST
                VALUE   (LST)  VALUE       VALUE  FROM      YEAR
                                                  NORMAL
..................................................................
TEMPERATURE (F)
 YESTERDAY
  MAXIMUM         77    348 PM  89    1976  69      8       71
  MINIMUM         52    237 AM  26    1980  45      7       41
                                      1962
  AVERAGE         65                        57      8       56

PRECIPITATION (IN)
  YESTERDAY        0.00          1.17 1945   0.10  -0.10     0.00
  MONTH TO DATE    5.01                      1.76   3.25     1.47
  SINCE JAN 1     15.98                     11.86   4.12    12.23

SNOWFALL (IN)
  YESTERDAY        0.0
  MONTH TO DATE    0.0
  SINCE SEP 1     29.1
  SNOW DEPTH       0

DEGREE DAYS
 HEATING
  YESTERDAY        0                         9     -9        9
  MONTH TO DATE  118                       195    -77      144
  SINCE MAR 1    731                       795    -64      862
  SINCE JUL 1   4636                      4249    387     4629

 COOLING
  YESTERDAY        0                         1     -1        0
  MONTH TO DATE   13                        16     -3       15
  SINCE MAR 1     13                        21     -8       15
  SINCE JAN 1     13                        21     -8       15
..................................................................


WIND (MPH)
  HIGHEST WIND SPEED    13   HIGHEST WIND DIRECTION    NW (310)
  HIGHEST GUST SPEED    18   HIGHEST GUST DIRECTION     W (250)
  AVERAGE WIND SPEED     3.2


SKY COVER
  POSSIBLE SUNSHINE  MM
  AVERAGE SKY COVER 0.7


WEATHER CONDITIONS
 THE FOLLOWING WEATHER WAS RECORDED YESTERDAY.
  NO SIGNIFICANT WEATHER WAS OBSERVED.


RELATIVE HUMIDITY (PERCENT)
 HIGHEST    89           200 AM
 LOWEST     46           400 PM
 AVERAGE    68

..........................................................


THE CHARLESTON WV CLIMATE NORMALS FOR TODAY
                         NORMAL    RECORD    YEAR
 MAXIMUM TEMPERATURE (F)   69        90      1976
 MINIMUM TEMPERATURE (F)   45        26      1983


SUNRISE AND SUNSET
APRIL 18 2015.........SUNRISE   647 AM EDT   SUNSET   805 PM EDT
APRIL 19 2015.........SUNRISE   645 AM EDT   SUNSET   806 PM EDT


-  INDICATES NEGATIVE NUMBERS.
R  INDICATES RECORD WAS SET OR TIED.
MM INDICATES DATA IS MISSING.
T  INDICATES TRACE AMOUNT.




$$
