000
CDUS42 KTAE 060645
CLICTY


CLIMATE REPORT
NATIONAL WEATHER SERVICE TALLAHASSEE FL
244 AM EDT WED MAY 6 2015


...................................

...THE CROSS CITY  CLIMATE SUMMARY FOR MAY 5 2015...
VALID TODAY AS OF 0200 AM LOCAL TIME.

CLIMATE NORMAL PERIOD 1981 TO 2010
CLIMATE RECORD PERIOD 1948 TO 2015


WEATHER ITEM   OBSERVED TIME   NORMAL DEPARTURE LAST
                VALUE   (LST)  VALUE  FROM      YEAR
                                      NORMAL
......................................................
TEMPERATURE (F)
 TODAY
  MAXIMUM         83    119 PM  85     -2       89
  MINIMUM         57    342 AM  58     -1       62
  AVERAGE         70            71     -1

PRECIPITATION (IN)
  TODAY            0.02          0.06  -0.04     0.00
  MONTH TO DATE    0.02          0.31  -0.29     0.61
  SINCE MAR 1      3.33          7.48  -4.15     9.62
  SINCE JAN 1      9.30         14.79  -5.49    19.77

DEGREE DAYS
 HEATING
  TODAY            0
  MONTH TO DATE    1
  SINCE MAR 1     53
  SINCE JUL 1   1213

 COOLING
  TODAY            5
  MONTH TO DATE   16
  SINCE MAR 1    448
  SINCE JAN 1    464
......................................................


WIND (MPH)
  RESULTANT WIND SPEED   5   RESULTANT WIND DIRECTION  NE (60)
  HIGHEST WIND SPEED    15   HIGHEST WIND DIRECTION    NE (60)
  HIGHEST GUST SPEED    22   HIGHEST GUST DIRECTION    NE (50)
  AVERAGE WIND SPEED     5.2



WEATHER CONDITIONS
 THE FOLLOWING WEATHER WAS RECORDED TODAY.
  NO SIGNIFICANT WEATHER WAS OBSERVED.


RELATIVE HUMIDITY (PERCENT)
 HIGHEST    93
 LOWEST     54
 AVERAGE    74

..........................................................


THE CROSS CITY  CLIMATE NORMALS FOR TOMORROW
                         NORMAL
 MAXIMUM TEMPERATURE (F)   85
 MINIMUM TEMPERATURE (F)   58



-  INDICATES NEGATIVE NUMBERS.
R  INDICATES RECORD WAS SET OR TIED.
MM INDICATES DATA IS MISSING.
T  INDICATES TRACE AMOUNT.




$$
