000
CDUS43 KUNR 180832
CLICUT


CLIMATE REPORT
NATIONAL WEATHER SERVICE RAPID CITY SD
231 AM MDT SAT APR 18 2015


...................................

...THE CUSTER COUNTY AIRPORT SD CLIMATE SUMMARY FOR APRIL 17 2015...

CLIMATE NORMAL PERIOD 1981 TO 2010
CLIMATE RECORD PERIOD 9999 TO 9999


WEATHER ITEM   OBSERVED TIME   NORMAL DEPARTURE LAST
                VALUE   (LST)  VALUE  FROM      YEAR
                                      NORMAL
......................................................
TEMPERATURE (F)
 YESTERDAY
  MAXIMUM         46   1043 AM  51     -5       47
  MINIMUM         35    323 AM  28      7       25
  AVERAGE         41            40      1       36

PRECIPITATION (IN)
  YESTERDAY        0.26          0.07   0.19      T
  MONTH TO DATE    0.55          1.06  -0.51     1.21
  SINCE MAR 1      0.88          2.07  -1.19     2.41
  SINCE JAN 1      1.28          2.93  -1.65     3.74

DEGREE DAYS
 HEATING
  YESTERDAY       24            25     -1       29
  MONTH TO DATE  425           473    -48      495
  SINCE MAR 1   1256          1513   -257     1547
  SINCE JUL 1   6705          7348   -643     7405

 COOLING
  YESTERDAY        0             0      0        0
  MONTH TO DATE    0             0      0        0
  SINCE MAR 1      0             0      0        0
  SINCE JAN 1      0             0      0        0
......................................................


WIND (MPH)
  HIGHEST WIND SPEED    18   HIGHEST WIND DIRECTION     E (80)
  HIGHEST GUST SPEED    24   HIGHEST GUST DIRECTION     E (100)
  AVERAGE WIND SPEED     9.0


SKY COVER
  AVERAGE SKY COVER 0.9


WEATHER CONDITIONS
 THE FOLLOWING WEATHER WAS RECORDED YESTERDAY.
  RAIN
  LIGHT RAIN
  FOG


RELATIVE HUMIDITY (PERCENT)
 HIGHEST    92
 LOWEST     53
 AVERAGE    73

..........................................................




SUNRISE AND SUNSET
APRIL 18 2015.........SUNRISE   607 AM MDT   SUNSET   741 PM MDT
APRIL 19 2015.........SUNRISE   605 AM MDT   SUNSET   743 PM MDT


-  INDICATES NEGATIVE NUMBERS.
R  INDICATES RECORD WAS SET OR TIED.
MM INDICATES DATA IS MISSING.
T  INDICATES TRACE AMOUNT.




$$
