000
CDUS45 KCYS 062126
CLICYS


CLIMATE REPORT
NATIONAL WEATHER SERVICE CHEYENNE WY
326 PM MDT WED MAY 6 2015


...................................

...THE CHEYENNE WYOMING AIRPORT CLIMATE SUMMARY FOR MAY 6 2015...
VALID AS OF 0300 PM LOCAL TIME.

CLIMATE NORMAL PERIOD 1981 TO 2010
CLIMATE RECORD PERIOD 1871 TO 2015


WEATHER ITEM   OBSERVED TIME   RECORD YEAR NORMAL DEPARTURE LAST
                VALUE   (LST)  VALUE       VALUE  FROM      YEAR
                                                  NORMAL
..................................................................
TEMPERATURE (F)
 TODAY
  MAXIMUM         57    159 PM  84    2004  62     -5       67
  MINIMUM         47    648 AM  13    1917  37     10       43
  AVERAGE         52                        49      3       55

PRECIPITATION (IN)
  TODAY            0.54          1.11 1978   0.07   0.47     0.11
  MONTH TO DATE    0.91                      0.41   0.50     0.11
  SINCE MAR 1      3.74                      3.24   0.50     1.92
  SINCE JAN 1      4.50                      4.04   0.46     4.08

SNOWFALL (IN)
  TODAY            0.0          11.1  1978   0.1   -0.1      0.0
  MONTH TO DATE    0.0                       0.9   -0.9      0.0
  SINCE JUL 1     50.1                      58.9   -8.8     78.7
  SNOW DEPTH       0

DEGREE DAYS
 HEATING
  TODAY           13                        16     -3       10
  MONTH TO DATE   72                        99    -27       65
  SINCE MAR 1   1406                      1665   -259     1571
  SINCE JUL 1   6052                      6684   -632     6775

 COOLING
  TODAY            0                         0      0        0
  MONTH TO DATE    0                         0      0        0
  SINCE MAR 1      0                         0      0        0
  SINCE JAN 1      0                         0      0        0
..................................................................


WIND (MPH)
  HIGHEST WIND SPEED    17   HIGHEST WIND DIRECTION     N (350)
  HIGHEST GUST SPEED    23   HIGHEST GUST DIRECTION     N (340)
  AVERAGE WIND SPEED     8.4


SKY COVER
  AVERAGE SKY COVER 0.9


WEATHER CONDITIONS
 THE FOLLOWING WEATHER WAS RECORDED TODAY.
  RAIN
  LIGHT RAIN
  FOG


RELATIVE HUMIDITY (PERCENT)
 HIGHEST   100           500 AM
 LOWEST     71          1200 PM
 AVERAGE    86

..........................................................


THE CHEYENNE WYOMING AIRPORT CLIMATE NORMALS FOR TOMORROW
                         NORMAL    RECORD    YEAR
 MAXIMUM TEMPERATURE (F)   62        84      1874
 MINIMUM TEMPERATURE (F)   38        22      1885


SUNRISE AND SUNSET
MAY  6 2015...........SUNRISE   551 AM MDT   SUNSET   801 PM MDT
MAY  7 2015...........SUNRISE   550 AM MDT   SUNSET   802 PM MDT


-  INDICATES NEGATIVE NUMBERS.
R  INDICATES RECORD WAS SET OR TIED.
MM INDICATES DATA IS MISSING.
T  INDICATES TRACE AMOUNT.




$$
