000
CDUS43 KUNR 280831
CLID07


CLIMATE REPORT
NATIONAL WEATHER SERVICE RAPID CITY SD
231 AM MDT TUE APR 28 2015


...................................

...THE FAITH SD CLIMATE SUMMARY FOR APRIL 27 2015...

CLIMATE NORMAL PERIOD 1981 TO 2010
CLIMATE RECORD PERIOD 9999 TO 9999


WEATHER ITEM   OBSERVED TIME   NORMAL DEPARTURE LAST
                VALUE   (LST)  VALUE  FROM      YEAR
                                      NORMAL
......................................................
TEMPERATURE (F)
 YESTERDAY
  MAXIMUM         49    523 PM  62    -13       MM
  MINIMUM         42   1044 PM  37      5       MM
  AVERAGE         46            49     -3       MM

PRECIPITATION (IN)
  YESTERDAY        0.03          0.09  -0.06    MM
  MONTH TO DATE    0.50          1.36  -0.86     0.17
  SINCE MAR 1      0.65          2.34  -1.69     1.36
  SINCE JAN 1      1.08          2.96  -1.88     2.26

DEGREE DAYS
 HEATING
  YESTERDAY       19            16      3       MM
  MONTH TO DATE  511           565    -54      532
  SINCE MAR 1   1235          1568   -333     1650
  SINCE JUL 1   6734          7256   -522     7736

 COOLING
  YESTERDAY        0             0      0       MM
  MONTH TO DATE    0             0      0        0
  SINCE MAR 1      2             0      2        0
  SINCE JAN 1      2             0      2        0
......................................................


WIND (MPH)
  HIGHEST WIND SPEED    20   HIGHEST WIND DIRECTION    NW (330)
  HIGHEST GUST SPEED    23   HIGHEST GUST DIRECTION    NW (330)
  AVERAGE WIND SPEED    10.7




RELATIVE HUMIDITY (PERCENT)
 HIGHEST    92           400 AM
 LOWEST     66          1200 AM
 AVERAGE    79

..........................................................




SUNRISE AND SUNSET
APRIL 28 2015.........SUNRISE   542 AM MDT   SUNSET   750 PM MDT
APRIL 29 2015.........SUNRISE   541 AM MDT   SUNSET   751 PM MDT


-  INDICATES NEGATIVE NUMBERS.
R  INDICATES RECORD WAS SET OR TIED.
MM INDICATES DATA IS MISSING.
T  INDICATES TRACE AMOUNT.




$$
