000
CDUS42 KMLB 042031
CLIDAB


CLIMATE REPORT
NATIONAL WEATHER SERVICE MELBOURNE FL
429 PM EDT MON MAY 4 2015


...................................

...THE DAYTONA BEACH CLIMATE SUMMARY FOR MAY 4 2015...
VALID TODAY AS OF 400 PM LOCAL TIME.

CLIMATE NORMAL PERIOD 1981 TO 2010
CLIMATE RECORD PERIOD 1923 TO 2015


WEATHER ITEM   OBSERVED TIME   RECORD YEAR NORMAL DEPARTURE LAST
                VALUE   (LST)  VALUE       VALUE  FROM      YEAR
                                                  NORMAL
..................................................................
TEMPERATURE (F)
 TODAY
  MAXIMUM         80    106 PM  95    1936  83     -3       81
  MINIMUM         62    122 AM  49    1940  62      0       57
  AVERAGE         71                        72     -1       69

PRECIPITATION (IN)
  TODAY            T             3.38 2005   0.06  -0.06     0.00
  MONTH TO DATE    T                         0.22  -0.22     1.54
  SINCE MAR 1      6.29                      6.64  -0.35    10.60
  SINCE JAN 1     11.72                     12.16  -0.44    17.18

SNOWFALL (IN)
  TODAY            0.0
  MONTH TO DATE    0.0
  SINCE JUL 1      0.0

DEGREE DAYS
 HEATING
  TODAY            0                         0      0        0
  MONTH TO DATE    0                         0      0        0
  SINCE MAR 1     35                       125    -90       89
  SINCE JUL 1    682                       807   -125      602

 COOLING
  TODAY            6                         8     -2        4
  MONTH TO DATE   17                        29    -12       25
  SINCE MAR 1    522                       251    271      276
  SINCE JAN 1    562                       316    246      360
..................................................................


WIND (MPH)
  HIGHEST WIND SPEED    20   HIGHEST WIND DIRECTION     E (70)
  HIGHEST GUST SPEED    26   HIGHEST GUST DIRECTION     E (70)
  AVERAGE WIND SPEED     7.3


SKY COVER
  AVERAGE SKY COVER 0.7


WEATHER CONDITIONS
 THE FOLLOWING WEATHER WAS RECORDED TODAY.
  LIGHT RAIN


RELATIVE HUMIDITY (PERCENT)
 HIGHEST    90           200 AM
 LOWEST     52          1100 AM
 AVERAGE    71

..........................................................


THE DAYTONA BEACH CLIMATE NORMALS FOR TOMORROW
                         NORMAL    RECORD    YEAR
 MAXIMUM TEMPERATURE (F)   83        94      1938
 MINIMUM TEMPERATURE (F)   62        40      1940


SUNRISE AND SUNSET
MAY  4 2015...........SUNRISE   640 AM EDT   SUNSET   802 PM EDT
MAY  5 2015...........SUNRISE   639 AM EDT   SUNSET   803 PM EDT


-  INDICATES NEGATIVE NUMBERS.
R  INDICATES RECORD WAS SET OR TIED.
MM INDICATES DATA IS MISSING.
T  INDICATES TRACE AMOUNT.

&&

DAYTONA BEACH SURF TEMPERATURE 71

$$
