000
CDUS41 KRNK 250639
CLIDAN


CLIMATE REPORT
NATIONAL WEATHER SERVICE BLACKSBURG VA
237 AM EDT SAT APR 25 2015


...................................

...THE DANVILLE VA CLIMATE SUMMARY FOR APRIL 24 2015...

CLIMATE NORMAL PERIOD 1981 TO 2010
CLIMATE RECORD PERIOD 1948 TO 2015


WEATHER ITEM   OBSERVED TIME   RECORD YEAR NORMAL DEPARTURE LAST
                VALUE   (LST)  VALUE       VALUE  FROM      YEAR
                                                  NORMAL
..................................................................
TEMPERATURE (F)
 YESTERDAY
  MAXIMUM         69    446 PM  95    1960  73     -4       71
  MINIMUM         36    608 AM  29    2012  49    -13       37
  AVERAGE         53                        61     -8

PRECIPITATION (IN)
  YESTERDAY        0.00          1.30 1983   0.12  -0.12     0.00
  MONTH TO DATE    2.58                      2.81  -0.23     3.26
  SINCE MAR 1      4.70                      6.92  -2.22     6.46
  SINCE JAN 1      8.49                     13.35  -4.86    11.58

SNOWFALL (IN)
  YESTERDAY        0.0
  MONTH TO DATE    0.0
  SINCE MAR 1      T
  SINCE JUL 1      9.8
  SNOW DEPTH       0

DEGREE DAYS
 HEATING
  YESTERDAY       12                         5      7
  MONTH TO DATE  112                       202    -90
  SINCE MAR 1    584                       712   -128
  SINCE JUL 1   3678                      3713    -35

 COOLING
  YESTERDAY        0                         1     -1
  MONTH TO DATE   34                        23     11
  SINCE MAR 1     34                        26      8
  SINCE JAN 1     34                        26      8
..................................................................


WIND (MPH)
  HIGHEST WIND SPEED    17   HIGHEST WIND DIRECTION     W (250)
  HIGHEST GUST SPEED    24   HIGHEST GUST DIRECTION     W (250)
  AVERAGE WIND SPEED     5.5


SKY COVER
  POSSIBLE SUNSHINE  MM
  AVERAGE SKY COVER 0.0


WEATHER CONDITIONS
 THE FOLLOWING WEATHER WAS RECORDED YESTERDAY.
  NO SIGNIFICANT WEATHER WAS OBSERVED.


RELATIVE HUMIDITY (PERCENT)
 HIGHEST    76          1100 PM
 LOWEST     17           300 PM
 AVERAGE    47

..........................................................


THE DANVILLE VA CLIMATE NORMALS FOR TODAY
                         NORMAL    RECORD    YEAR
 MAXIMUM TEMPERATURE (F)   73        95      1960
 MINIMUM TEMPERATURE (F)   49        33      2012
                                             1949


SUNRISE AND SUNSET
APRIL 25 2015.........SUNRISE   631 AM EDT   SUNSET   800 PM EDT
APRIL 26 2015.........SUNRISE   630 AM EDT   SUNSET   801 PM EDT


-  INDICATES NEGATIVE NUMBERS.
R  INDICATES RECORD WAS SET OR TIED.
MM INDICATES DATA IS MISSING.
T  INDICATES TRACE AMOUNT.

REMARKS:
DUE TO EQUIPMENT FAILURE RESULTING IN MISSING TEMPERATURE DATA ON
FEBRUARY 15...THE SEASONAL TOTAL AND DEPARTURE FROM NORMAL FOR HDD
WILL BE CALCULATED WITHOUT DATA FROM THIS DATE. ALSO...DUE TO A
TIPPING BUCKET FAILURE RESULTING IN MISSING PRECIPITATION DATA ON
MARCH 14 AND 19-20...THE SEASONAL AND ANNUAL TOTALS AND DEPARTURES
FROM NORMAL FOR PRECIPITATION WILL BE CALCULATED WITHOUT DATA FROM
THOSE DATES.

$$
