000
CDUS43 KDVN 050941
CLIDBQ


CLIMATE REPORT
NATIONAL WEATHER SERVICE QUAD CITIES IA IL
441 AM CDT TUE MAY 5 2015


...................................

...THE DUBUQUE IA CLIMATE SUMMARY FOR MAY 4 2015...

CLIMATE NORMAL PERIOD 1981 TO 2010
CLIMATE RECORD PERIOD 1873 TO 2015


WEATHER ITEM   OBSERVED TIME   RECORD YEAR NORMAL DEPARTURE LAST
                VALUE   (LST)  VALUE       VALUE  FROM      YEAR
                                                  NORMAL
..................................................................
TEMPERATURE (F)
 YESTERDAY
  MAXIMUM         74    253 PM  89    1918  65      9       55
  MINIMUM         56    512 AM  25    2011  45     11       43
  AVERAGE         65                        55     10       49

PRECIPITATION (IN)
  YESTERDAY        0.32          1.33 1913   0.14   0.18     0.06
  MONTH TO DATE    0.78                      0.54   0.24     0.07
  SINCE MAR 1      3.48                      6.61  -3.13     7.20
  SINCE JAN 1      5.77                      9.22  -3.45     9.68

SNOWFALL (IN)
  YESTERDAY        0.0          MM      MM   0.1   -0.1      0.0
  MONTH TO DATE    0.0                       0.1   -0.1      0.0
  SINCE MAR 1      4.1                       8.4   -4.3     11.6
  SINCE JUL 1     33.7                      42.0   -8.3     63.3
  SNOW DEPTH       0

DEGREE DAYS
 HEATING
  YESTERDAY        0                        10    -10       16
  MONTH TO DATE   17                        43    -26       64
  SINCE MAR 1   1372                      1471    -99     1788
  SINCE JUL 1   7220                      6864    356     8164

 COOLING
  YESTERDAY        0                         0      0        0
  MONTH TO DATE    0                         0      0        0
  SINCE MAR 1      0                         5     -5        0
  SINCE JAN 1      0                         5     -5        0
..................................................................


WIND (MPH)
  HIGHEST WIND SPEED    16   HIGHEST WIND DIRECTION    NE (60)
  HIGHEST GUST SPEED    19   HIGHEST GUST DIRECTION    NE (60)
  AVERAGE WIND SPEED     7.1


SKY COVER
  POSSIBLE SUNSHINE  MM
  AVERAGE SKY COVER 0.7


WEATHER CONDITIONS
 THE FOLLOWING WEATHER WAS RECORDED YESTERDAY.
  RAIN
  LIGHT RAIN
  FOG


RELATIVE HUMIDITY (PERCENT)
 HIGHEST   100           300 AM
 LOWEST     57           300 PM
 AVERAGE    79

..........................................................


THE DUBUQUE IA CLIMATE NORMALS FOR TODAY
                         NORMAL    RECORD    YEAR
 MAXIMUM TEMPERATURE (F)   66        92      1949
 MINIMUM TEMPERATURE (F)   45        27      1958


SUNRISE AND SUNSET
MAY  5 2015...........SUNRISE   553 AM CDT   SUNSET   807 PM CDT
MAY  6 2015...........SUNRISE   552 AM CDT   SUNSET   808 PM CDT


-  INDICATES NEGATIVE NUMBERS.
R  INDICATES RECORD WAS SET OR TIED.
MM INDICATES DATA IS MISSING.
T  INDICATES TRACE AMOUNT.




$$
