000
CDUS43 KILX 040630
CLIDEC


CLIMATE REPORT
NATIONAL WEATHER SERVICE LINCOLN IL
128 AM CDT MON MAY 4 2015


...................................

...THE DECATUR IL AIRPORT CLIMATE SUMMARY FOR MAY 3 2015...

CLIMATE NORMAL PERIOD 1981 TO 2010
CLIMATE RECORD PERIOD 9999 TO 9999


WEATHER ITEM   OBSERVED TIME   RECORD YEAR NORMAL DEPARTURE LAST
                VALUE   (LST)  VALUE       VALUE  FROM      YEAR
                                                  NORMAL
..................................................................
TEMPERATURE (F)
 YESTERDAY
  MAXIMUM         83    222 PM  MM      MM  70     13       71
  MINIMUM         60    524 AM  MM      MM  48     12       49
  AVERAGE         72                        59     13       60

PRECIPITATION (IN)
  YESTERDAY        0.00         MM      MM   0.16  -0.16      T
  MONTH TO DATE    0.00                      0.48  -0.48      T
  SINCE MAR 1      3.63                      6.92  -3.29     5.94
  SINCE JAN 1      4.88                     10.64  -5.76     7.06

DEGREE DAYS
 HEATING
  YESTERDAY        0                         7     -7        5
  MONTH TO DATE   17                        21     -4       35
  SINCE MAR 1   1107                      1127    -20     1245
  SINCE JUL 1   5753                      5384    369     6057

 COOLING
  YESTERDAY        7                         1      6        0
  MONTH TO DATE    7                         3      4        0
  SINCE MAR 1     10                        17     -7        1
  SINCE JAN 1     10                        17     -7        1
..................................................................


WIND (MPH)
  HIGHEST WIND SPEED    25   HIGHEST WIND DIRECTION     S (200)
  HIGHEST GUST SPEED    32   HIGHEST GUST DIRECTION     S (200)
  AVERAGE WIND SPEED    13.8


SKY COVER
  POSSIBLE SUNSHINE  MM
  AVERAGE SKY COVER 0.3


WEATHER CONDITIONS
 THE FOLLOWING WEATHER WAS RECORDED YESTERDAY.
  NO SIGNIFICANT WEATHER WAS OBSERVED.


RELATIVE HUMIDITY (PERCENT)
 HIGHEST    60           400 AM
 LOWEST     28          1200 PM
 AVERAGE    44

..........................................................


THE DECATUR IL AIRPORT CLIMATE NORMALS FOR TODAY
                         NORMAL    RECORD    YEAR
 MAXIMUM TEMPERATURE (F)   71        MM        MM
 MINIMUM TEMPERATURE (F)   48        MM        MM


SUNRISE AND SUNSET
MAY  4 2015...........SUNRISE   552 AM CDT   SUNSET   753 PM CDT
MAY  5 2015...........SUNRISE   551 AM CDT   SUNSET   754 PM CDT


-  INDICATES NEGATIVE NUMBERS.
R  INDICATES RECORD WAS SET OR TIED.
MM INDICATES DATA IS MISSING.
T  INDICATES TRACE AMOUNT.




$$
