000
CDUS45 KBOU 260753
CLIDEN


CLIMATE REPORT
NATIONAL WEATHER SERVICE DENVER CO
152 AM MDT SUN APR 26 2015


...................................

...THE DENVER CO CLIMATE SUMMARY FOR APRIL 25 2015...

CLIMATE NORMAL PERIOD 1981 TO 2010
CLIMATE RECORD PERIOD 1872 TO 2015


WEATHER ITEM   OBSERVED TIME   RECORD YEAR NORMAL DEPARTURE LAST
                VALUE   (LST)  VALUE       VALUE  FROM      YEAR
                                                  NORMAL
..................................................................
TEMPERATURE (F)
 YESTERDAY
  MAXIMUM         68    113 PM  83    1987  64      4       76
                                      1938
  MINIMUM         39   1213 AM  20    1924  36      3       36
  AVERAGE         54                        50      4       56

PRECIPITATION (IN)
  YESTERDAY        T             0.94 1985   0.07  -0.07     0.00
  MONTH TO DATE    1.80                      1.36   0.44     0.95
  SINCE MAR 1      2.59                      2.28   0.31     1.78
  SINCE JAN 1      4.22                      3.06   1.16     2.91

SNOWFALL (IN)
  YESTERDAY        0.0
  MONTH TO DATE    5.3
  SINCE MAR 1      8.2
  SINCE JUL 1     53.8
  SNOW DEPTH       0


DEGREE DAYS
 HEATING
  YESTERDAY       11                        15     -4        9
  MONTH TO DATE  412                       457    -45      381
  SINCE MAR 1   1023                      1220   -197     1120
  SINCE JUL 1   5136                      5659   -523     5639

 COOLING
  YESTERDAY        0                         0      0        0
  MONTH TO DATE    0                         0      0        0
  SINCE MAR 1      0                         0      0        0
  SINCE JAN 1      0                         0      0        0
..................................................................


WIND (MPH)
  HIGHEST WIND SPEED    29   HIGHEST WIND DIRECTION     S (190)
  HIGHEST GUST SPEED    36   HIGHEST GUST DIRECTION     S (190)
  AVERAGE WIND SPEED    10.1


SKY COVER **
  POSSIBLE SUNSHINE  MM
  AVERAGE SKY COVER 0.6


WEATHER CONDITIONS
 THE FOLLOWING WEATHER WAS RECORDED YESTERDAY.
  THUNDERSTORM
  LIGHT RAIN


RELATIVE HUMIDITY (PERCENT)
 HIGHEST    80          1100 PM
 LOWEST     23          1000 AM
 AVERAGE    52

..........................................................


THE DENVER CO CLIMATE NORMALS FOR TODAY
                         NORMAL    RECORD    YEAR
 MAXIMUM TEMPERATURE (F)   64        84      1981
 MINIMUM TEMPERATURE (F)   36        18      1924


SUNRISE AND SUNSET
APRIL 26 2015.........SUNRISE   606 AM MST   SUNSET   747 PM MST
APRIL 27 2015.........SUNRISE   604 AM MST   SUNSET   748 PM MST


-  INDICATES NEGATIVE NUMBERS.
R  INDICATES RECORD WAS SET OR TIED.
MM INDICATES DATA IS MISSING.
T  INDICATES TRACE AMOUNT.

&&

** SUNSHINE DATA WILL NO LONGER BE AVAILABLE EFFECTIVE OCTOBER 1ST 2009.




$$
