000
CDUS44 KSHV 020738
CLIDEQ


CLIMATE REPORT
NATIONAL WEATHER SERVICE SHREVEPORT, LA
237 AM CDT THU APR 2 2015


...................................

...THE DE QUEEN CLIMATE SUMMARY FOR APRIL 1 2015...

CLIMATE NORMAL PERIOD 1981 TO 2010
CLIMATE RECORD PERIOD 1902 TO 2015


WEATHER ITEM   OBSERVED TIME   RECORD YEAR NORMAL DEPARTURE LAST
                VALUE   (LST)  VALUE       VALUE  FROM      YEAR
                                                  NORMAL
..................................................................
TEMPERATURE (F)
 YESTERDAY
  MAXIMUM         79    330 PM  89    1974  70      9       78
  MINIMUM         57    441 AM  27    1987  44     13       47
  AVERAGE         68                        57     11       63

PRECIPITATION (IN)
  YESTERDAY        0.01          0.75 1955   0.14  -0.13     0.00
  MONTH TO DATE    0.01                      0.14  -0.13     0.00
  SINCE DEC 1     15.30                     16.14  -0.84     7.02
  SINCE JAN 1     13.58                     11.78   1.80     5.09

SNOWFALL (IN)
  YESTERDAY        0.0
  MONTH TO DATE    0.0
  SINCE MAR 1      2.6
  SINCE JUL 1      7.9
  SNOW DEPTH       0

DEGREE DAYS
 HEATING
  YESTERDAY        0                         9     -9        2
  MONTH TO DATE    0                         9     -9        2
  SINCE MAR 1    347                       386    -39      463
  SINCE JUL 1   2999                      2877    122     3235

 COOLING
  YESTERDAY        3                         1      2        0
  MONTH TO DATE    3                         1      2        0
  SINCE MAR 1      5                        10     -5        1
  SINCE JAN 1      5                        12     -7        1
..................................................................


WIND (MPH)
  HIGHEST WIND SPEED    17   HIGHEST WIND DIRECTION     S (200)
  HIGHEST GUST SPEED    24   HIGHEST GUST DIRECTION     S (200)
  AVERAGE WIND SPEED     4.7


SKY COVER
  POSSIBLE SUNSHINE  MM
  AVERAGE SKY COVER 0.7


WEATHER CONDITIONS
 THE FOLLOWING WEATHER WAS RECORDED YESTERDAY.
  THUNDERSTORM
  FOG
  FOG W/VISIBILITY <= 1/4 MILE
  HAZE


RELATIVE HUMIDITY (PERCENT)
 HIGHEST   100           300 AM
 LOWEST     64           100 PM
 AVERAGE    82

..........................................................


THE DE QUEEN CLIMATE NORMALS FOR TODAY
                         NORMAL    RECORD    YEAR
 MAXIMUM TEMPERATURE (F)   70        89      1946
 MINIMUM TEMPERATURE (F)   44        27      1962


SUNRISE AND SUNSET
APRIL  2 2015.........SUNRISE   704 AM CDT   SUNSET   739 PM CDT
APRIL  3 2015.........SUNRISE   703 AM CDT   SUNSET   740 PM CDT


-  INDICATES NEGATIVE NUMBERS.
R  INDICATES RECORD WAS SET OR TIED.
MM INDICATES DATA IS MISSING.
T  INDICATES TRACE AMOUNT.




$$
