000
CDUS45 KCYS 270731
CLIDGW


CLIMATE REPORT
NATIONAL WEATHER SERVICE CHEYENNE WY
131 AM MDT MON APR 27 2015


...................................

...THE DOUGLAS WY AIRPORT CLIMATE SUMMARY FOR APRIL 26 2015...

CLIMATE NORMAL PERIOD 1981 TO 2010
CLIMATE RECORD PERIOD 1998 TO 2015


WEATHER ITEM   OBSERVED TIME   RECORD YEAR NORMAL DEPARTURE LAST
                VALUE   (LST)  VALUE       VALUE  FROM      YEAR
                                                  NORMAL
..................................................................
TEMPERATURE (F)
 YESTERDAY
  MAXIMUM         49    153 PM  82    2012  61    -12       66
  MINIMUM         39   1145 PM  23    2008  32      7       36
  AVERAGE         44                        46     -2       51

PRECIPITATION (IN)
  YESTERDAY        0.73R         0.40 2014   0.06   0.67     0.40
  MONTH TO DATE    3.11                      1.24   1.87     1.13
  SINCE JAN 1      4.49                      2.88   1.61     3.37

DEGREE DAYS
 HEATING
  YESTERDAY       21                        18      3       14
  MONTH TO DATE  547                       568    -21      538
  SINCE MAR 1   1303                      1486   -183     1430
  SINCE JUL 1   6306                      6886   -580     7020

 COOLING
  YESTERDAY        0                         0      0        0
  MONTH TO DATE    0                         0      0        0
  SINCE MAR 1      1                         0      1        0
  SINCE JAN 1      1                         0      1        0
..................................................................


WIND (MPH)
  HIGHEST WIND SPEED    21   HIGHEST WIND DIRECTION    SE (130)
  HIGHEST GUST SPEED    25   HIGHEST GUST DIRECTION    SE (150)
  AVERAGE WIND SPEED     8.0


SKY COVER
  AVERAGE SKY COVER 1.0


WEATHER CONDITIONS
 THE FOLLOWING WEATHER WAS RECORDED YESTERDAY.
  RAIN
  LIGHT RAIN
  FOG


RELATIVE HUMIDITY (PERCENT)
 HIGHEST   100           700 AM
 LOWEST     82          1200 AM
 AVERAGE    91

..........................................................


THE DOUGLAS WY AIRPORT CLIMATE NORMALS FOR TODAY
                         NORMAL    RECORD    YEAR
 MAXIMUM TEMPERATURE (F)   61        77      2004
                                             2001
 MINIMUM TEMPERATURE (F)   32        20      2008


SUNRISE AND SUNSET
APRIL 27 2015.........SUNRISE   602 AM MDT   SUNSET   757 PM MDT
APRIL 28 2015.........SUNRISE   600 AM MDT   SUNSET   758 PM MDT


-  INDICATES NEGATIVE NUMBERS.
R  INDICATES RECORD WAS SET OR TIED.
MM INDICATES DATA IS MISSING.
T  INDICATES TRACE AMOUNT.




$$
