000
CDUS44 KAMA 190628
CLIDHT


CLIMATE REPORT
NATIONAL WEATHER SERVICE AMARILLO TX
127 AM CDT SUN APR 19 2015


...................................

...THE DALHART CLIMATE SUMMARY FOR APRIL 18 2015...

CLIMATE NORMAL PERIOD 1981 TO 2010
CLIMATE RECORD PERIOD 1894 TO 2015


WEATHER ITEM   OBSERVED TIME   RECORD YEAR NORMAL DEPARTURE LAST
                VALUE   (LST)  VALUE       VALUE  FROM      YEAR
                                                  NORMAL
..................................................................
TEMPERATURE (F)
 YESTERDAY
  MAXIMUM         63    511 PM  91    2011  70     -7       77
                                      1994
  MINIMUM         35    627 AM  21    1953  38     -3       30
  AVERAGE         49                        54     -5       54

PRECIPITATION (IN)
  YESTERDAY        T             0.79 1988   0.03  -0.03     0.00
  MONTH TO DATE    0.40                      0.58  -0.18     0.11
  SINCE MAR 1      0.48                      1.75  -1.27     0.20
  SINCE JAN 1      3.79                      2.67   1.12     0.29

SNOWFALL (IN)
  YESTERDAY        0.0           T    2013   0.1   -0.1      0.0
  MONTH TO DATE    0.0                       1.0   -1.0      1.0
  SINCE MAR 1      0.8                       5.2   -4.4      2.1
  SINCE JUL 1     34.1                      18.7   15.4     17.4
  SNOW DEPTH       0

DEGREE DAYS
 HEATING
  YESTERDAY       16                        11      5       11
  MONTH TO DATE  144                       239    -95      246
  SINCE MAR 1    627                       850   -223      835
  SINCE JUL 1   3920                      4493   -573     4429

 COOLING
  YESTERDAY        0                         0      0        0
  MONTH TO DATE    0                         0      0        2
  SINCE MAR 1      0                         0      0        2
  SINCE JAN 1      0                         0      0        2
..................................................................


WIND (MPH)
  RESULTANT WIND SPEED   5   RESULTANT WIND DIRECTION   W (290)
  HIGHEST WIND SPEED    30   HIGHEST WIND DIRECTION     W (260)
  HIGHEST GUST SPEED    39   HIGHEST GUST DIRECTION     W (290)
  AVERAGE WIND SPEED     8.2


SKY COVER
  AVERAGE SKY COVER 0.2


WEATHER CONDITIONS
 THE FOLLOWING WEATHER WAS RECORDED YESTERDAY.
  LIGHT RAIN


RELATIVE HUMIDITY (PERCENT)
 HIGHEST    75           500 AM
 LOWEST     27          1200 PM
 AVERAGE    51

..........................................................


THE DALHART CLIMATE NORMALS FOR TODAY
                         NORMAL    RECORD    YEAR
 MAXIMUM TEMPERATURE (F)   70        90      2001
 MINIMUM TEMPERATURE (F)   39        23      2013
                                             1953


SUNRISE AND SUNSET
APRIL 19 2015.........SUNRISE   712 AM CDT   SUNSET   827 PM CDT
APRIL 20 2015.........SUNRISE   711 AM CDT   SUNSET   828 PM CDT


-  INDICATES NEGATIVE NUMBERS.
R  INDICATES RECORD WAS SET OR TIED.
MM INDICATES DATA IS MISSING.
T  INDICATES TRACE AMOUNT.




$$
