000
CDUS44 KEWX 050828
CLIDRT


CLIMATE REPORT
NATIONAL WEATHER SERVICE AUSTIN/SAN ANTONIO, TX
328 AM CDT TUE MAY 5 2015


...................................

...THE DEL RIO CLIMATE SUMMARY FOR MAY 4 2015...

CLIMATE NORMAL PERIOD 1981 TO 2010
CLIMATE RECORD PERIOD 1906 TO 2015


WEATHER ITEM   OBSERVED TIME   RECORD YEAR NORMAL DEPARTURE LAST
                VALUE   (LST)  VALUE       VALUE  FROM      YEAR
                                                  NORMAL
..................................................................
TEMPERATURE (F)
 YESTERDAY
  MAXIMUM         83    128 PM 102    1984  87     -4       95
  MINIMUM         70    722 AM  47    2013  65      5       57
                                      1954
  AVERAGE         77                        76      1       76

PRECIPITATION (IN)
  YESTERDAY        0.06          1.80 1918   0.08  -0.02     0.00
  MONTH TO DATE    0.06                      0.29  -0.23     0.00
  SINCE MAR 1      3.98                      3.08   0.90     0.40
  SINCE JAN 1      4.97                      4.68   0.29     0.62

SNOWFALL (IN)
  YESTERDAY        0.0
  MONTH TO DATE    0.0
  SINCE MAR 1      0.0
  SINCE JUL 1      0.0

DEGREE DAYS
 HEATING
  YESTERDAY        0                         0      0        0
  MONTH TO DATE    0                         0      0        0
  SINCE MAR 1    148                       139      9      148
  SINCE JUL 1   1475                      1375    100     1555

 COOLING
  YESTERDAY       12                        11      1       11
  MONTH TO DATE   33                        44    -11       30
  SINCE MAR 1    324                       354    -30      405
  SINCE JAN 1    339                       373    -34      450
..................................................................


WIND (MPH)
  HIGHEST WIND SPEED    26   HIGHEST WIND DIRECTION    SE (150)
  HIGHEST GUST SPEED    34   HIGHEST GUST DIRECTION    SE (130)
  AVERAGE WIND SPEED    14.6


SKY COVER
  AVERAGE SKY COVER 0.9


WEATHER CONDITIONS
 THE FOLLOWING WEATHER WAS RECORDED YESTERDAY.
  RAIN
  LIGHT RAIN


RELATIVE HUMIDITY (PERCENT)
 HIGHEST    90           600 AM
 LOWEST     62           100 PM
 AVERAGE    76

..........................................................


THE DEL RIO CLIMATE NORMALS FOR TODAY
                         NORMAL    RECORD    YEAR
 MAXIMUM TEMPERATURE (F)   88       104      1906
 MINIMUM TEMPERATURE (F)   65        48      1979


SUNRISE AND SUNSET
MAY  5 2015...........SUNRISE   659 AM CDT   SUNSET   822 PM CDT
MAY  6 2015...........SUNRISE   658 AM CDT   SUNSET   823 PM CDT


-  INDICATES NEGATIVE NUMBERS.
R  INDICATES RECORD WAS SET OR TIED.
MM INDICATES DATA IS MISSING.
T  INDICATES TRACE AMOUNT.




$$
