000
CDUS45 KTWC 250036
CLIDUG

CLIMATE REPORT NATIONAL WEATHER SERVICE TUCSON AZ

534 PM MST FRI APR 24 2015


...................................

...THE DOUGLAS AZ CLIMATE SUMMARY FOR APRIL 24 2015...
VALID TODAY AS OF 0500 PM LOCAL TIME.

CLIMATE NORMAL PERIOD 1981 TO 2010
CLIMATE RECORD PERIOD 1948 TO 2015


WEATHER ITEM   OBSERVED TIME   RECORD YEAR NORMAL DEPARTURE LAST
                VALUE   (LST)  VALUE       VALUE  FROM      YEAR
                                                  NORMAL
..................................................................
TEMPERATURE (F)
 TODAY
  MAXIMUM         72    437 PM  95    1996  82    -10       86
  MINIMUM         44    550 AM  34    2007  46     -2       41
  AVERAGE         58                        64     -6       64

PRECIPITATION (IN)
  TODAY            0.00                      0.01  -0.01     0.00
  MONTH TO DATE    0.36                      0.18   0.18     0.13
  SINCE OCT 1      4.76                      4.62   0.14     1.39
  SINCE JAN 1      2.79                      2.07   0.72     0.57

DEGREE DAYS
 HEATING
  TODAY            7                         3      4        1
  MONTH TO DATE  112                       124    -12      102
  SINCE MAR 1    350                       449    -99      352
  SINCE JUL 1   2188                      2485   -297     2316

 COOLING
  TODAY            0                         2     -2        0
  MONTH TO DATE    0                        14    -14       15
  SINCE MAR 1      4                        15    -11       15
  SINCE JAN 1      4                        15    -11       15
..................................................................


WIND (MPH)
  HIGHEST WIND SPEED    26   HIGHEST WIND DIRECTION     W (250)
  HIGHEST GUST SPEED    33   HIGHEST GUST DIRECTION     W (290)
  AVERAGE WIND SPEED     9.3


SKY COVER
  POSSIBLE SUNSHINE  MM
  AVERAGE SKY COVER 0.3


WEATHER CONDITIONS
 THE FOLLOWING WEATHER WAS RECORDED TODAY.
  NO SIGNIFICANT WEATHER WAS OBSERVED.


RELATIVE HUMIDITY (PERCENT)
 HIGHEST    76
 LOWEST     19
 AVERAGE    48

..........................................................


THE DOUGLAS AZ CLIMATE NORMALS FOR TOMORROW
                         NORMAL    RECORD    YEAR
 MAXIMUM TEMPERATURE (F)   82        94      2000
                                             1996
 MINIMUM TEMPERATURE (F)   46        31      1961


SUNRISE AND SUNSET
APRIL 24 2015.........SUNRISE   540 AM MST   SUNSET   653 PM MST
APRIL 25 2015.........SUNRISE   539 AM MST   SUNSET   654 PM MST


-  INDICATES NEGATIVE NUMBERS.
R  INDICATES RECORD WAS SET OR TIED.
MM INDICATES DATA IS MISSING.
T  INDICATES TRACE AMOUNT.




$$
