000
CDUS41 KRLX 272116
CLIEKN


CLIMATE REPORT
NATIONAL WEATHER SERVICE CHARLESTON WV
516 PM EDT MON APR 27 2015


...................................

...THE ELKINS WV CLIMATE SUMMARY FOR APRIL 27 2015...
VALID TODAY AS OF 0500 PM LOCAL TIME.

CLIMATE NORMAL PERIOD 1981 TO 2010
CLIMATE RECORD PERIOD 1899 TO 2015


WEATHER ITEM   OBSERVED TIME   RECORD YEAR NORMAL DEPARTURE LAST
                VALUE   (LST)  VALUE       VALUE  FROM      YEAR
                                                  NORMAL
..................................................................
TEMPERATURE (F)
 TODAY
  MAXIMUM         50    240 PM  88    2009  66    -16       72
  MINIMUM         29    531 AM  18    1971  40    -11       36
  AVERAGE         40                        53    -13       54

PRECIPITATION (IN)
  TODAY            T             1.86 1928   0.13  -0.13     0.00
  MONTH TO DATE    6.72                      3.41   3.31     1.11
  SINCE MAR 1     14.09                      7.37   6.72     4.30
  SINCE JAN 1     19.81                     13.70   6.11    10.56

DEGREE DAYS
 HEATING
  TODAY           25                        12     13       11
  MONTH TO DATE  354                       428    -74      366
  SINCE MAR 1   1155                      1208    -53     1263
  SINCE JUL 1   5786                      5529    257     5786

 COOLING
  TODAY            0                         0      0        0
  MONTH TO DATE    3                         0      3        2
  SINCE MAR 1      3                         0      3        2
  SINCE JAN 1      3                         0      3        2
..................................................................


WIND (MPH)
  HIGHEST WIND SPEED    17   HIGHEST WIND DIRECTION    NW (330)
  HIGHEST GUST SPEED    35   HIGHEST GUST DIRECTION     N (340)
  AVERAGE WIND SPEED     5.9


SKY COVER
  POSSIBLE SUNSHINE  MM
  AVERAGE SKY COVER 0.5


WEATHER CONDITIONS
 THE FOLLOWING WEATHER WAS RECORDED TODAY.
  NO SIGNIFICANT WEATHER WAS OBSERVED.


RELATIVE HUMIDITY (PERCENT)
 HIGHEST    92           400 AM
 LOWEST     50           100 PM
 AVERAGE    71

..........................................................


THE ELKINS WV CLIMATE NORMALS FOR TOMORROW
                         NORMAL    RECORD    YEAR
 MAXIMUM TEMPERATURE (F)   67        89      1986
 MINIMUM TEMPERATURE (F)   40        22      1934


SUNRISE AND SUNSET
APRIL 27 2015.........SUNRISE   627 AM EDT   SUNSET   808 PM EDT
APRIL 28 2015.........SUNRISE   626 AM EDT   SUNSET   809 PM EDT


-  INDICATES NEGATIVE NUMBERS.
R  INDICATES RECORD WAS SET OR TIED.
MM INDICATES DATA IS MISSING.
T  INDICATES TRACE AMOUNT.




$$
