000
CDUS44 KSHV 280753
CLIELD


CLIMATE REPORT
NATIONAL WEATHER SERVICE SHREVEPORT, LA
252 AM CDT TUE APR 28 2015


...................................

...THE EL DORADO CLIMATE SUMMARY FOR APRIL 27 2015...

CLIMATE NORMAL PERIOD 1981 TO 2010
CLIMATE RECORD PERIOD 1907 TO 2015


WEATHER ITEM   OBSERVED TIME   RECORD YEAR NORMAL DEPARTURE LAST
                VALUE   (LST)  VALUE       VALUE  FROM      YEAR
                                                  NORMAL
..................................................................
TEMPERATURE (F)
 YESTERDAY
  MAXIMUM         71    414 PM  93    1987  78     -7       86
  MINIMUM         56    826 AM  39    1992  55      1       69
  AVERAGE         64                        66     -2       78

PRECIPITATION (IN)
  YESTERDAY        T             1.26 1962   0.14  -0.14     0.00
  MONTH TO DATE    3.31                      3.67  -0.36     5.61
  SINCE DEC 1     19.24                     22.69  -3.45    20.74
  SINCE JAN 1     15.91                     17.51  -1.60    14.18

SNOWFALL (IN)
  YESTERDAY        0.0
  MONTH TO DATE    0.0
  SINCE MAR 1      0.7
  SINCE JUL 1      0.7
  SNOW DEPTH       0

DEGREE DAYS
 HEATING
  YESTERDAY        1                         2     -1        0
  MONTH TO DATE   67                       112    -45      145
  SINCE MAR 1    414                       420     -6      587
  SINCE JUL 1   2900                      2648    252     3194

 COOLING
  YESTERDAY        0                         3     -3       13
  MONTH TO DATE   87                        60     27       49
  SINCE MAR 1    101                        82     19       54
  SINCE JAN 1    101                        88     13       54
..................................................................


WIND (MPH)
  HIGHEST WIND SPEED    26   HIGHEST WIND DIRECTION    NE (60)
  HIGHEST GUST SPEED    34   HIGHEST GUST DIRECTION    NE (60)
  AVERAGE WIND SPEED    13.5


SKY COVER
  POSSIBLE SUNSHINE  MM
  AVERAGE SKY COVER 0.5


WEATHER CONDITIONS
 THE FOLLOWING WEATHER WAS RECORDED YESTERDAY.
  LIGHT RAIN


RELATIVE HUMIDITY (PERCENT)
 HIGHEST    78          1200 AM
 LOWEST     47           100 PM
 AVERAGE    63

..........................................................


THE EL DORADO CLIMATE NORMALS FOR TODAY
                         NORMAL    RECORD    YEAR
 MAXIMUM TEMPERATURE (F)   78        91      1948
 MINIMUM TEMPERATURE (F)   55        40      1992


SUNRISE AND SUNSET
APRIL 28 2015.........SUNRISE   627 AM CDT   SUNSET   751 PM CDT
APRIL 29 2015.........SUNRISE   626 AM CDT   SUNSET   752 PM CDT


-  INDICATES NEGATIVE NUMBERS.
R  INDICATES RECORD WAS SET OR TIED.
MM INDICATES DATA IS MISSING.
T  INDICATES TRACE AMOUNT.




$$
