000
CDUS43 KTOP 032144
CLIEMP


CLIMATE REPORT
NATIONAL WEATHER SERVICE TOPEKA KS
443 PM CDT SUN MAY 3 2015


...................................

...THE EMPORIA KS CLIMATE SUMMARY FOR MAY 3 2015...
VALID TODAY AS OF 430 PM LOCAL TIME.

CLIMATE NORMAL PERIOD 1981 TO 2010
CLIMATE RECORD PERIOD 9999 TO 9999


WEATHER ITEM   OBSERVED NORMAL DEPARTURE LAST
                VALUE   VALUE  FROM      YEAR
                               NORMAL
...............................................
TEMPERATURE (F)
 TODAY
  MAXIMUM         86     73     13       82
  MINIMUM         59     51      8       43
  AVERAGE         73     62     11       63

PRECIPITATION (IN)
  TODAY            0.00   0.18  -0.18     0.00
  MONTH TO DATE    T      0.52  -0.52     0.00
  SINCE MAR 1      4.89   6.43  -1.54     2.06
  SINCE JAN 1      6.29   8.29  -2.00     2.55

DEGREE DAYS
 HEATING
  TODAY            0      5     -5        2
  MONTH TO DATE    5     15    -10       30
  SINCE MAR 1    765    922   -157     1086
  SINCE JUL 1   4766   4744     22     5411

 COOLING
  TODAY            8      1      7        0
  MONTH TO DATE    9      3      6        0
  SINCE MAR 1     15     26    -11       18
  SINCE JAN 1     15     26    -11       18
...............................................


WIND (MPH)
  HIGHEST WIND SPEED    28   HIGHEST WIND DIRECTION     S (190)
  HIGHEST GUST SPEED    35   HIGHEST GUST DIRECTION    SW (210)
  AVERAGE WIND SPEED    16.8



WEATHER CONDITIONS
 THE FOLLOWING WEATHER WAS RECORDED TODAY.
  THUNDERSTORM


RELATIVE HUMIDITY (PERCENT)
 HIGHEST    78
 LOWEST     34
 AVERAGE    56

..........................................................


THE EMPORIA KS CLIMATE NORMALS FOR TOMORROW
                         NORMAL
 MAXIMUM TEMPERATURE (F)   73
 MINIMUM TEMPERATURE (F)   51


SUNRISE AND SUNSET
MAY  3 2015...........SUNRISE   626 AM CDT   SUNSET   818 PM CDT
MAY  4 2015...........SUNRISE   625 AM CDT   SUNSET   819 PM CDT


-  INDICATES NEGATIVE NUMBERS.
R  INDICATES RECORD WAS SET OR TIED.
MM INDICATES DATA IS MISSING.
T  INDICATES TRACE AMOUNT.




$$
