000
CDUS46 KPQR 210221
CLIEUG


CLIMATE REPORT
NATIONAL WEATHER SERVICE PORTLAND OREGON
721 PM PDT MON APR 20 2015


...................................

...THE EUGENE OR CLIMATE SUMMARY FOR APRIL 20 2015...
VALID TODAY AS OF 0700 PM LOCAL TIME.

CLIMATE NORMAL PERIOD 1981 TO 2010
CLIMATE RECORD PERIOD 1892 TO 2015


WEATHER ITEM   OBSERVED TIME   RECORD YEAR NORMAL DEPARTURE LAST
                VALUE   (LST)  VALUE       VALUE  FROM      YEAR
                                                  NORMAL
..................................................................
TEMPERATURE (F)
 TODAY
  MAXIMUM         75    354 PM  87    1934  62     13       68
  MINIMUM         36    528 AM  27    1927  40     -4       38
  AVERAGE         56                        51      5       53

PRECIPITATION (IN)
  TODAY            0.00          0.96 1980   0.11  -0.11     0.00
  MONTH TO DATE    1.27                      2.39  -1.12     0.59
  SINCE OCT 1     28.04                     38.48 -10.44    21.86
  SINCE JAN 1     10.99                     19.68  -8.69    17.67

SNOWFALL (IN)
  TODAY            0.0
  MONTH TO DATE    0.0
  SINCE MAR 1      0.0
  SINCE JUL 1      0.0

DEGREE DAYS
 HEATING
  TODAY            9                        14     -5       12
  MONTH TO DATE  315                       311      4      248
  SINCE MAR 1    747                       880   -133      733
  SINCE JUL 1   3309                      4207   -898     4300

 COOLING
  TODAY            0                         0      0        0
  MONTH TO DATE    0                         0      0        0
  SINCE MAR 1      0                         0      0        0
  SINCE JAN 1      0                         0      0        0
..................................................................


WIND (MPH)
  HIGHEST WIND SPEED     9   HIGHEST WIND DIRECTION     N (10)
  HIGHEST GUST SPEED    13   HIGHEST GUST DIRECTION     N (350)
  AVERAGE WIND SPEED     3.0


SKY COVER
  POSSIBLE SUNSHINE  MM
  AVERAGE SKY COVER 0.1


WEATHER CONDITIONS
 THE FOLLOWING WEATHER WAS RECORDED TODAY.
  FOG


RELATIVE HUMIDITY (PERCENT)
 HIGHEST   100           700 AM
 LOWEST     41           100 PM
 AVERAGE    71

..........................................................


THE EUGENE OR CLIMATE NORMALS FOR TOMORROW
                         NORMAL    RECORD    YEAR
 MAXIMUM TEMPERATURE (F)   62        83      1918
 MINIMUM TEMPERATURE (F)   40        31      1951


SUNRISE AND SUNSET
APRIL 20 2015.........SUNRISE   621 AM PDT   SUNSET   803 PM PDT
APRIL 21 2015.........SUNRISE   620 AM PDT   SUNSET   804 PM PDT


-  INDICATES NEGATIVE NUMBERS.
R  INDICATES RECORD WAS SET OR TIED.
MM INDICATES DATA IS MISSING.
T  INDICATES TRACE AMOUNT.




$$
