000
CDAK49 PAFG 260936
CLIFAI

CLIMATE REPORT
NATIONAL WEATHER SERVICE FAIRBANKS AK
136 AM AKDT SUN APR 26 2015

...................................

...THE FAIRBANKS AK CLIMATE SUMMARY FOR APRIL 25 2015...

CLIMATE NORMAL PERIOD 1981 TO 2010
CLIMATE RECORD PERIOD 1904 TO 2015


WEATHER ITEM   OBSERVED TIME   RECORD YEAR NORMAL DEPARTURE LAST
                VALUE   (LST)  VALUE       VALUE  FROM      YEAR
                                                  NORMAL
..................................................................
TEMPERATURE (F)
 YESTERDAY
  MAXIMUM         57    632 PM  69    1997  51      6       54
  MINIMUM         29    600 AM   0    1948  28      1       32
  AVERAGE         43                        39      4       43

PRECIPITATION (IN)
  YESTERDAY        0.00          0.20 2002   0.02  -0.02      T
  MONTH TO DATE    0.16                      0.24  -0.08     0.20
  SINCE MAR 1      0.65                      0.49   0.16     0.41
  SINCE JAN 1      1.28                      1.49  -0.21     1.03

SNOWFALL (IN)
  YESTERDAY        0.0           2.0  2002   0.1   -0.1      0.0
  MONTH TO DATE    2.1                       2.6   -0.5      2.9
  SINCE MAR 1     10.2                       7.5    2.7      6.0
  SINCE JUL 1     43.8                      63.8  -20.0     48.9
  SNOW DEPTH       0

DEGREE DAYS
 HEATING
  YESTERDAY       22                        26     -4       22
  MONTH TO DATE  743                       855   -112      832
  SINCE MAR 1   2270                      2515   -245     2408
  SINCE JUL 1  11737                     12905  -1168    11800

 COOLING
  YESTERDAY        0                         0      0        0
  MONTH TO DATE    0                         0      0        0
  SINCE MAR 1      0                         0      0        0
  SINCE JAN 1      0                         0      0        0
..................................................................


WIND (MPH)
  HIGHEST GUST SPEED    12   HIGHEST GUST DIRECTION    NE (30)


SKY COVER
  AVERAGE SKY COVER 0.6


WEATHER CONDITIONS
 THE FOLLOWING WEATHER WAS RECORDED YESTERDAY.
  NO SIGNIFICANT WEATHER WAS OBSERVED.


RELATIVE HUMIDITY (PERCENT)
 HIGHEST    85
 LOWEST     18
 AVERAGE    52

..........................................................


THE FAIRBANKS AK CLIMATE NORMALS FOR TODAY
                         NORMAL    RECORD    YEAR
 MAXIMUM TEMPERATURE (F)   52        69      1994
 MINIMUM TEMPERATURE (F)   29         4      1924


SUNRISE AND SUNSET
APRIL 26 2015..........SUNRISE  537 AM AKDT   SUNSET  1005 PM AKDT
APRIL 27 2015..........SUNRISE  534 AM AKDT   SUNSET  1008 PM AKDT


-  INDICATES NEGATIVE NUMBERS.
R  INDICATES RECORD WAS SET OR TIED.
MM INDICATES DATA IS MISSING.
T  INDICATES TRACE AMOUNT.

&&

SNOW DEPTH IS MEASURED AT 3AM AKST/4AM AKDT

----------------------------
AVAILABLE DAYLIGHT

AMOUNT OF DAYLIGHT TODAY  (HOUR:MIN)........16:28
GAIN SINCE YESTERDAY........................7 MINUTES
----------------------------

$$
CF APR 15
