000
CDUS43 KLMK 270628
CLIFFT


CLIMATE REPORT
NATIONAL WEATHER SERVICE LOUISVILLE KY
228 AM EDT MON APR 27 2015


...................................

...THE FRANKFORT KY CLIMATE SUMMARY FOR APRIL 26 2015...

CLIMATE NORMAL PERIOD 1981 TO 2010
CLIMATE RECORD PERIOD 1895 TO 2015


WEATHER ITEM   OBSERVED TIME   RECORD YEAR NORMAL DEPARTURE LAST
                VALUE   (LST)  VALUE       VALUE  FROM      YEAR
                                                  NORMAL
..................................................................
TEMPERATURE (F)
 YESTERDAY
  MAXIMUM         62    529 PM  91    1915  70     -8       77
  MINIMUM         43    653 AM  29    1919  47     -4       44
  AVERAGE         53                        58     -5       61

PRECIPITATION (IN)
  YESTERDAY        0.01          1.46 1914   0.14  -0.13     0.00
  MONTH TO DATE   11.09                      3.12   7.97     3.81
  SINCE MAR 1     18.77                      7.50  11.27     6.03
  SINCE JAN 1     22.33                     14.05   8.28    12.23

SNOWFALL (IN)
  YESTERDAY       MM            MM      MM  MM     MM       MM
  MONTH TO DATE   MM                        MM     MM       MM
  SINCE MAR 1     MM                        MM     MM       MM
  SINCE JUL 1     MM                        MM     MM       MM
  SNOW DEPTH      MM

DEGREE DAYS
 HEATING
  YESTERDAY       12                         7      5        4
  MONTH TO DATE  222                       288    -66      245
  SINCE MAR 1    894                       913    -19      997
  SINCE JUL 1   5014                      4552    462     5109

 COOLING
  YESTERDAY        0                         1     -1        0
  MONTH TO DATE    8                        18    -10        8
  SINCE MAR 1      8                        20    -12        8
  SINCE JAN 1      8                        20    -12        8
..................................................................


WIND (MPH)
  HIGHEST WIND SPEED    14   HIGHEST WIND DIRECTION     N (20)
  HIGHEST GUST SPEED    20   HIGHEST GUST DIRECTION     N (10)
  AVERAGE WIND SPEED     7.7


SKY COVER
  POSSIBLE SUNSHINE  MM
  AVERAGE SKY COVER 0.4


WEATHER CONDITIONS
 THE FOLLOWING WEATHER WAS RECORDED YESTERDAY.
  LIGHT RAIN
  FOG


RELATIVE HUMIDITY (PERCENT)
 HIGHEST    92          1200 AM
 LOWEST     30           500 PM
 AVERAGE    61

..........................................................


THE FRANKFORT KY CLIMATE NORMALS FOR TODAY
                         NORMAL    RECORD    YEAR
 MAXIMUM TEMPERATURE (F)   71        95      1914
 MINIMUM TEMPERATURE (F)   47        31      1976


SUNRISE AND SUNSET
APRIL 27 2015.........SUNRISE   648 AM EDT   SUNSET   827 PM EDT
APRIL 28 2015.........SUNRISE   647 AM EDT   SUNSET   828 PM EDT


-  INDICATES NEGATIVE NUMBERS.
R  INDICATES RECORD WAS SET OR TIED.
MM INDICATES DATA IS MISSING.
T  INDICATES TRACE AMOUNT.




$$
