000
CDUS42 KILM 270841
CLIFLO


CLIMATE REPORT
NATIONAL WEATHER SERVICE WILMINGTON NC
441 AM EDT MON APR 27 2015


...................................

...THE FLORENCE SC CLIMATE SUMMARY FOR APRIL 26 2015...

CLIMATE NORMAL PERIOD 1981 TO 2010
CLIMATE RECORD PERIOD 1948 TO 2015


WEATHER ITEM   OBSERVED TIME   RECORD YEAR NORMAL DEPARTURE LAST
                VALUE   (LST)  VALUE       VALUE  FROM      YEAR
                                                  NORMAL
..................................................................
TEMPERATURE (F)
 YESTERDAY
  MAXIMUM         68    801 AM  93    1990  78    -10       82
  MINIMUM         53   1159 PM  43    2001  53      0       55
  AVERAGE         61                        66     -5       69

PRECIPITATION (IN)
  YESTERDAY        0.03          1.03 1950   0.09  -0.06     0.00
  MONTH TO DATE    3.15                      2.28   0.87     3.82
  SINCE MAR 1      6.55                      5.61   0.94     8.37
  SINCE JAN 1     13.48                     11.76   1.72    14.09

SNOWFALL (IN)
  YESTERDAY       MM
  MONTH TO DATE   MM
  SINCE MAR 1     MM
  SINCE JUL 1     MM
  SNOW DEPTH      MM

DEGREE DAYS
 HEATING
  YESTERDAY        4                         2      2        0
  MONTH TO DATE   36                       115    -79       88
  SINCE MAR 1    288                       425   -137      531
  SINCE JUL 1   2526                      2491     35     2660

 COOLING
  YESTERDAY        0                         3     -3        4
  MONTH TO DATE   90                        56     34       50
  SINCE MAR 1    114                        74     40       54
  SINCE JAN 1    117                        80     37       60
..................................................................


WIND (MPH)
  HIGHEST WIND SPEED    17   HIGHEST WIND DIRECTION    NE (30)
  HIGHEST GUST SPEED    21   HIGHEST GUST DIRECTION    NE (40)
  AVERAGE WIND SPEED     9.0


SKY COVER
  POSSIBLE SUNSHINE  MM
  AVERAGE SKY COVER 0.9


WEATHER CONDITIONS
 THE FOLLOWING WEATHER WAS RECORDED YESTERDAY.
  LIGHT RAIN
  FOG
  FOG W/VISIBILITY <= 1/4 MILE


RELATIVE HUMIDITY (PERCENT)
 HIGHEST    93          1200 AM
 LOWEST     67           300 PM
 AVERAGE    80

..........................................................


THE FLORENCE SC CLIMATE NORMALS FOR TODAY
                         NORMAL    RECORD    YEAR
 MAXIMUM TEMPERATURE (F)   79        96      1981
 MINIMUM TEMPERATURE (F)   54        38      1972


SUNRISE AND SUNSET
APRIL 27 2015.........SUNRISE   634 AM EDT   SUNSET   800 PM EDT
APRIL 28 2015.........SUNRISE   633 AM EDT   SUNSET   800 PM EDT


-  INDICATES NEGATIVE NUMBERS.
R  INDICATES RECORD WAS SET OR TIED.
MM INDICATES DATA IS MISSING.
T  INDICATES TRACE AMOUNT.




$$
