000
CDUS42 KTBW 060834
CLIFMY


CLIMATE REPORT
NATIONAL WEATHER SERVICE TAMPA BAY FL
432 AM EDT WED MAY 6 2015


...................................

...THE FORT MYERS CLIMATE SUMMARY FOR MAY 5 2015...

CLIMATE NORMAL PERIOD 1981 TO 2010
CLIMATE RECORD PERIOD 1902 TO 2015


WEATHER ITEM   OBSERVED TIME   RECORD YEAR NORMAL DEPARTURE LAST
                VALUE   (LST)  VALUE       VALUE  FROM      YEAR
                                                  NORMAL
..................................................................
TEMPERATURE (F)
 YESTERDAY
  MAXIMUM         84    434 PM  96    2002  88     -4       90
  MINIMUM         67    559 AM  52    1971  66      1       61
                                      1921
  AVERAGE         76                        77     -1       76

PRECIPITATION (IN)
  YESTERDAY        0.00          2.25 1986   0.06  -0.06     0.00
  MONTH TO DATE    0.00                      0.28  -0.28     0.54
  SINCE MAR 1      3.49                      5.34  -1.85     4.66
  SINCE JAN 1      6.68                      9.43  -2.75     8.10

DEGREE DAYS
 HEATING
  YESTERDAY        0                         0      0        0
  MONTH TO DATE    0                         0      0        0
  SINCE MAR 1      0                        27    -27        9
  SINCE JUL 1    231                       287    -56      178

 COOLING
  YESTERDAY       11                        12     -1       11
  MONTH TO DATE   46                        58    -12       62
  SINCE MAR 1    773                       503    270      528
  SINCE JAN 1    921                       688    233      789
..................................................................


WIND (MPH)
  RESULTANT WIND SPEED   9   RESULTANT WIND DIRECTION   E (70)
  HIGHEST WIND SPEED    24   HIGHEST WIND DIRECTION    NE (40)
  HIGHEST GUST SPEED    29   HIGHEST GUST DIRECTION    NE (40)
  AVERAGE WIND SPEED     9.3


SKY COVER
  POSSIBLE SUNSHINE  MM
  AVERAGE SKY COVER 0.3


WEATHER CONDITIONS
 THE FOLLOWING WEATHER WAS RECORDED YESTERDAY.
  THUNDERSTORM


RELATIVE HUMIDITY (PERCENT)
 HIGHEST    93           400 AM
 LOWEST     55           200 PM

..........................................................


THE FORT MYERS CLIMATE NORMALS FOR TODAY
                         NORMAL    RECORD    YEAR
 MAXIMUM TEMPERATURE (F)   88        96      1984
 MINIMUM TEMPERATURE (F)   67        50      1945


SUNRISE AND SUNSET
MAY  6 2015...........SUNRISE   646 AM EDT   SUNSET   802 PM EDT
MAY  7 2015...........SUNRISE   645 AM EDT   SUNSET   803 PM EDT


-  INDICATES NEGATIVE NUMBERS.
R  INDICATES RECORD WAS SET OR TIED.
MM INDICATES DATA IS MISSING.
T  INDICATES TRACE AMOUNT.




$$


&&
------------------------------------------------------------------
******************** SUPPLEMENTAL DATA ***************************

...GULF WATER TEMPERATURE AT FORT MYERS BEACH 77
