000
CDUS43 KDTX 030542
CLIFNT


CLIMATE REPORT
NATIONAL WEATHER SERVICE DETROIT/PONTIAC MI
139 AM EDT SUN MAY 3 2015


...................................

...THE FLINT MI CLIMATE SUMMARY FOR MAY 2 2015...

CLIMATE NORMAL PERIOD 1981 TO 2010
CLIMATE RECORD PERIOD 1921 TO 2015


WEATHER ITEM   OBSERVED TIME   RECORD YEAR NORMAL DEPARTURE LAST
                VALUE   (LST)  VALUE       VALUE  FROM      YEAR
                                                  NORMAL
..................................................................
TEMPERATURE (F)
 YESTERDAY
  MAXIMUM         76    515 PM  85    2012  64     12       55
  MINIMUM         45    604 AM  27    1984  41      4       46
  AVERAGE         61                        52      9       51

PRECIPITATION (IN)
  YESTERDAY        0.00          0.75 1962   0.09  -0.09     0.06
  MONTH TO DATE    0.00                      0.19  -0.19     0.24
  SINCE MAR 1      2.55                      4.99  -2.44     3.93
  SINCE JAN 1      4.72                      8.10  -3.38     7.94

SNOWFALL (IN)
  YESTERDAY        0.0           1.7  1935   0.0    0.0      0.0
  MONTH TO DATE    0.0                       0.0    0.0      0.0
  SINCE MAR 1      4.8                       8.8   -4.0     10.7
  SINCE JUL 1     45.3                      47.4   -2.1     83.9
  SNOW DEPTH       0

DEGREE DAYS
 HEATING
  YESTERDAY        4                        13     -9       14
  MONTH TO DATE   11                        26    -15       31
  SINCE MAR 1   1492                      1545    -53     1762
  SINCE JUL 1   6800                      6633    167     7283

 COOLING
  YESTERDAY        0                         0      0        0
  MONTH TO DATE    0                         0      0        0
  SINCE MAR 1      0                         4     -4        0
  SINCE JAN 1      0                         4     -4        0
..................................................................


WIND (MPH)
  HIGHEST WIND SPEED    16   HIGHEST WIND DIRECTION     W (270)
  HIGHEST GUST SPEED    21   HIGHEST GUST DIRECTION    SW (230)
  AVERAGE WIND SPEED     6.1


SKY COVER
  POSSIBLE SUNSHINE  MM
  AVERAGE SKY COVER 0.1


WEATHER CONDITIONS
 THE FOLLOWING WEATHER WAS RECORDED YESTERDAY.
  NO SIGNIFICANT WEATHER WAS OBSERVED.


RELATIVE HUMIDITY (PERCENT)
 HIGHEST    63           200 AM
 LOWEST     25           500 PM
 AVERAGE    44

..........................................................


THE FLINT MI CLIMATE NORMALS FOR TODAY
                         NORMAL    RECORD    YEAR
 MAXIMUM TEMPERATURE (F)   64        88      2012
                                             1938
 MINIMUM TEMPERATURE (F)   41        26      1986


SUNRISE AND SUNSET
MAY  3 2015...........SUNRISE   626 AM EDT   SUNSET   838 PM EDT
MAY  4 2015...........SUNRISE   625 AM EDT   SUNSET   839 PM EDT


-  INDICATES NEGATIVE NUMBERS.
R  INDICATES RECORD WAS SET OR TIED.
MM INDICATES DATA IS MISSING.
T  INDICATES TRACE AMOUNT.




$$
