000
CDUS43 KIWX 280527
CLIFWA


CLIMATE REPORT
NATIONAL WEATHER SERVICE NORTHERN INDIANA
125 AM EDT TUE APR 28 2015


...................................

...THE FORT WAYNE CLIMATE SUMMARY FOR APRIL 27 2015...

CLIMATE NORMAL PERIOD 1981 TO 2010
CLIMATE RECORD PERIOD 1897 TO 2015


WEATHER ITEM   OBSERVED TIME   RECORD YEAR NORMAL DEPARTURE LAST
                VALUE   (LST)  VALUE       VALUE  FROM      YEAR
                                                  NORMAL
..................................................................
TEMPERATURE (F)
 YESTERDAY
  MAXIMUM         55   1118 AM  85    1990  66    -11       62
                                      1986
                                      1899
  MINIMUM         35    617 AM  28    2012  43     -8       39
                                      1976
  AVERAGE         45                        54     -9       51

PRECIPITATION (IN)
  YESTERDAY        0.00          1.14 1959   0.11  -0.11     0.00
  MONTH TO DATE    3.28                      3.20   0.08     3.44
  SINCE MAR 1      5.35                      5.91  -0.56     5.34
  SINCE JAN 1      9.12                     10.21  -1.09    11.58

SNOWFALL (IN)
  YESTERDAY        0.0           T    2004   0.0    0.0      0.0
                                      1988
                                      1931
  MONTH TO DATE    T                         1.0   -1.0      1.1
  SINCE MAR 1      8.6                       5.1    3.5     14.3
  SINCE JUL 1     45.1                      33.5   11.6     76.1
  SNOW DEPTH       0

DEGREE DAYS
 HEATING
  YESTERDAY       20                        11      9       14
  MONTH TO DATE  383                       427    -44      418
  SINCE MAR 1   1344                      1253     91     1485
  SINCE JUL 1   6493                      5851    642     6738

 COOLING
  YESTERDAY        0                         0      0        0
  MONTH TO DATE    0                         0      0        1
  SINCE MAR 1      0                         0      0        1
  SINCE JAN 1      0                         0      0        1
..................................................................


WIND (MPH)
  HIGHEST WIND SPEED    17   HIGHEST WIND DIRECTION     N (350)
  HIGHEST GUST SPEED    22   HIGHEST GUST DIRECTION     N (10)
  AVERAGE WIND SPEED     7.7


SKY COVER
  AVERAGE SKY COVER 0.5


WEATHER CONDITIONS
 THE FOLLOWING WEATHER WAS RECORDED YESTERDAY.
  NO SIGNIFICANT WEATHER WAS OBSERVED.


RELATIVE HUMIDITY (PERCENT)
 HIGHEST    85          1100 PM
 LOWEST     54          1100 AM
 AVERAGE    70

..........................................................


THE FORT WAYNE CLIMATE NORMALS FOR TODAY
                         NORMAL    RECORD    YEAR
 MAXIMUM TEMPERATURE (F)   66        86      1899
 MINIMUM TEMPERATURE (F)   43        27      1946


SUNRISE AND SUNSET
APRIL 28 2015.........SUNRISE   643 AM EDT   SUNSET   834 PM EDT
APRIL 29 2015.........SUNRISE   642 AM EDT   SUNSET   835 PM EDT


-  INDICATES NEGATIVE NUMBERS.
R  INDICATES RECORD WAS SET OR TIED.
MM INDICATES DATA IS MISSING.
T  INDICATES TRACE AMOUNT.




$$
