000
CDUS43 KDDC 261006
CLIGCK


CLIMATE REPORT
NATIONAL WEATHER SERVICE DODGE CITY KS
505 AM CDT SUN APR 26 2015


...................................

...THE GARDEN CITY REGIONAL ARPT KS CLIMATE SUMMARY FOR APRIL 25 2015...

CLIMATE NORMAL PERIOD 1981 TO 2010
CLIMATE RECORD PERIOD 1948 TO 2015


WEATHER ITEM   OBSERVED TIME   RECORD YEAR NORMAL DEPARTURE LAST
                VALUE   (LST)  VALUE       VALUE  FROM      YEAR
                                                  NORMAL
..................................................................
TEMPERATURE (F)
 YESTERDAY
  MAXIMUM         76    506 PM  92    2012  70      6       81
  MINIMUM         46    335 AM  28    1978  42      4       44
  AVERAGE         61                        56      5       63

PRECIPITATION (IN)
  YESTERDAY        0.00          1.20 1990   0.06  -0.06     0.00
  MONTH TO DATE    0.33                      1.38  -1.05     0.45
  SINCE MAR 1      0.65                      2.84  -2.19     0.49
  SINCE JAN 1      1.42                      3.72  -2.30     0.65

DEGREE DAYS
 HEATING
  YESTERDAY        4                        10     -6
  MONTH TO DATE  252                       332    -80
  SINCE MAR 1    815                       996   -181
  SINCE JUL 1   4723                      5020   -297

 COOLING
  YESTERDAY        0                         1     -1
  MONTH TO DATE    7                         6      1
  SINCE MAR 1      7                         6      1
  SINCE JAN 1      7                         6      1
..................................................................


WIND (MPH)
  HIGHEST WIND SPEED    26   HIGHEST WIND DIRECTION     E (80)
  HIGHEST GUST SPEED    32   HIGHEST GUST DIRECTION     E (80)
  AVERAGE WIND SPEED    12.8



WEATHER CONDITIONS
 THE FOLLOWING WEATHER WAS RECORDED YESTERDAY.
  NO SIGNIFICANT WEATHER WAS OBSERVED.


RELATIVE HUMIDITY (PERCENT)
 HIGHEST    93           200 AM
 LOWEST     25           500 PM
 AVERAGE    59

..........................................................


THE GARDEN CITY REGIONAL ARPT KS CLIMATE NORMALS FOR TODAY
                         NORMAL    RECORD    YEAR
 MAXIMUM TEMPERATURE (F)   71        94      1956
 MINIMUM TEMPERATURE (F)   43        27      2006


SUNRISE AND SUNSET
APRIL 26 2015.........SUNRISE   653 AM CDT   SUNSET   829 PM CDT
APRIL 27 2015.........SUNRISE   652 AM CDT   SUNSET   830 PM CDT


-  INDICATES NEGATIVE NUMBERS.
R  INDICATES RECORD WAS SET OR TIED.
MM INDICATES DATA IS MISSING.
T  INDICATES TRACE AMOUNT.




$$
