000
CDUS46 KOTX 300835
CLIGEG


CLIMATE REPORT
NATIONAL WEATHER SERVICE SPOKANE, WA
134 AM PDT MON MAR 30 2015


...................................

...THE SPOKANE WA AIRPORT CLIMATE SUMMARY FOR MARCH 29 2015...

CLIMATE NORMAL PERIOD 1981 TO 2010
CLIMATE RECORD PERIOD 1881 TO 2015


WEATHER ITEM   OBSERVED TIME   RECORD YEAR NORMAL DEPARTURE LAST
                VALUE   (LST)  VALUE       VALUE  FROM      YEAR
                                                  NORMAL
..................................................................
TEMPERATURE (F)
 YESTERDAY
  MAXIMUM         59    348 PM  70    2004  53      6       53
                                      1966
                                      1881
  MINIMUM         38    557 AM  16    1954  35      3       37
  AVERAGE         49                        44      5       45

PRECIPITATION (IN)
  YESTERDAY        0.00          0.68 1960   0.05  -0.05      T
  MONTH TO DATE    2.43                      1.51   0.92     2.88
  SINCE OCT 1     10.11                     10.41  -0.30     8.03
  SINCE JAN 1      5.38                      4.63   0.75     5.70

SNOWFALL (IN)
  YESTERDAY        0.0           3.9  2009   0.1   -0.1      0.0
  MONTH TO DATE    0.9                       3.3   -2.4      5.8
  SINCE MAR 1      0.9                       3.3   -2.4      5.8
  SINCE JUL 1     16.6                      43.6  -27.0     37.6
  SNOW DEPTH       0

DEGREE DAYS
 HEATING
  YESTERDAY       16                        21     -5       20
  MONTH TO DATE  566                       725   -159      736
  SINCE MAR 1    566                       725   -159      736
  SINCE JUL 1   4688                      5554   -866     5779

 COOLING
  YESTERDAY        0                         0      0        0
  MONTH TO DATE    0                         0      0        0
  SINCE MAR 1      0                         0      0        0
  SINCE JAN 1      0                         0      0        0
..................................................................


WIND (MPH)
  HIGHEST WIND SPEED    21   HIGHEST WIND DIRECTION    SW (220)
  HIGHEST GUST SPEED    25   HIGHEST GUST DIRECTION    SW (220)
  AVERAGE WIND SPEED     8.6


SKY COVER
  POSSIBLE SUNSHINE  MM
  AVERAGE SKY COVER 0.8


WEATHER CONDITIONS
 THE FOLLOWING WEATHER WAS RECORDED YESTERDAY.
  NO SIGNIFICANT WEATHER WAS OBSERVED.


RELATIVE HUMIDITY (PERCENT)
 HIGHEST    85           600 AM
 LOWEST     43           400 PM
 AVERAGE    64

..........................................................


THE SPOKANE WA AIRPORT CLIMATE NORMALS FOR TODAY
                         NORMAL    RECORD    YEAR
 MAXIMUM TEMPERATURE (F)   53        74      1881
 MINIMUM TEMPERATURE (F)   35        19      1982


SUNRISE AND SUNSET
MARCH 30 2015.........SUNRISE   633 AM PDT   SUNSET   717 PM PDT
MARCH 31 2015.........SUNRISE   631 AM PDT   SUNSET   718 PM PDT


-  INDICATES NEGATIVE NUMBERS.
R  INDICATES RECORD WAS SET OR TIED.
MM INDICATES DATA IS MISSING.
T  INDICATES TRACE AMOUNT.




$$
