000
CDUS43 KIND 270531
CLIGEZ


CLIMATE REPORT
NATIONAL WEATHER SERVICE INDIANAPOLIS IN
131 AM EDT MON APR 27 2015


...................................

...THE SHELBYVILLE IN CLIMATE SUMMARY FOR APRIL 26 2015...

CLIMATE NORMAL PERIOD 1981 TO 2010
CLIMATE RECORD PERIOD 9999 TO 9999


WEATHER ITEM   OBSERVED TIME   NORMAL DEPARTURE LAST
                VALUE   (LST)  VALUE  FROM      YEAR
                                      NORMAL
......................................................
TEMPERATURE (F)
 YESTERDAY
  MAXIMUM         60    501 PM  67     -7       81
  MINIMUM         42    645 AM  46     -4       52
  AVERAGE         51            56     -5       67

PRECIPITATION (IN)
  YESTERDAY        0.00          0.17  -0.17     0.00
  MONTH TO DATE    4.67          3.57   1.10     4.34
  SINCE MAR 1      8.53          7.00   1.53     6.40
  SINCE JAN 1     11.55         11.75  -0.20    10.28

DEGREE DAYS
 HEATING
  YESTERDAY       14             9      5        0
  MONTH TO DATE  231           343   -112      270
  SINCE MAR 1   1001          1063    -62     1088
  SINCE JUL 1   5442          5226    216     5586

 COOLING
  YESTERDAY        0             0      0        2
  MONTH TO DATE    8             0      8       10
  SINCE MAR 1      8             1      7       10
  SINCE JAN 1      8             1      7       10
......................................................


WIND (MPH)
  HIGHEST WIND SPEED    18   HIGHEST WIND DIRECTION     N (350)
  HIGHEST GUST SPEED    25   HIGHEST GUST DIRECTION     N (20)
  AVERAGE WIND SPEED    10.9


SKY COVER
  AVERAGE SKY COVER 0.6


WEATHER CONDITIONS
 THE FOLLOWING WEATHER WAS RECORDED YESTERDAY.
  NO SIGNIFICANT WEATHER WAS OBSERVED.


RELATIVE HUMIDITY (PERCENT)
 HIGHEST    76          1200 AM
 LOWEST     40           300 PM
 AVERAGE    58

..........................................................


THE SHELBYVILLE IN CLIMATE NORMALS FOR TODAY
                         NORMAL
 MAXIMUM TEMPERATURE (F)   67
 MINIMUM TEMPERATURE (F)   46


SUNRISE AND SUNSET
APRIL 27 2015.........SUNRISE   649 AM EDT   SUNSET   833 PM EDT
APRIL 28 2015.........SUNRISE   648 AM EDT   SUNSET   834 PM EDT


-  INDICATES NEGATIVE NUMBERS.
R  INDICATES RECORD WAS SET OR TIED.
MM INDICATES DATA IS MISSING.
T  INDICATES TRACE AMOUNT.




$$
