000
CDUS45 KGGW 190740
CLIGGW


CLIMATE REPORT
NATIONAL WEATHER SERVICE GLASGOW MT
140 AM MDT SUN APR 19 2015


...................................

...THE GLASGOW MT CLIMATE SUMMARY FOR APRIL 18 2015...

CLIMATE NORMAL PERIOD 1981 TO 2010
CLIMATE RECORD PERIOD 1893 TO 2015


WEATHER ITEM   OBSERVED TIME   RECORD YEAR NORMAL DEPARTURE LAST
                VALUE   (LST)  VALUE       VALUE  FROM      YEAR
                                                  NORMAL
..................................................................
TEMPERATURE (F)
 YESTERDAY
  MAXIMUM         60    153 PM  84    1936  59      1       53
  MINIMUM         34   1132 PM  12    1928  33      1       36
  AVERAGE         47                        46      1       45

PRECIPITATION (IN)
  YESTERDAY        0.00          0.75 1896   0.03  -0.03     0.19
  MONTH TO DATE    0.35                      0.42  -0.07     0.19
  SINCE OCT 1      3.42                      3.02   0.40     2.70
  SINCE JAN 1      2.16                      1.47   0.69     1.25

SNOWFALL (IN)
  YESTERDAY        0.0           7.5  1896   0.1   -0.1      0.0
  MONTH TO DATE    5.3                       1.4    3.9      0.0
  SINCE MAR 1      8.1                       6.1    2.0      6.6
  SINCE JUL 1     43.2                      33.1   10.1     30.4
  SNOW DEPTH       0

DEGREE DAYS
 HEATING
  YESTERDAY       18                        19     -1       20
  MONTH TO DATE  374                       400    -26      467
  SINCE MAR 1   1145                      1434   -289     1621
  SINCE JUL 1   7229                      7804   -575     8269

 COOLING
  YESTERDAY        0                         0      0        0
  MONTH TO DATE    0                         0      0        0
  SINCE MAR 1      0                         0      0        0
  SINCE JAN 1      0                         0      0        0
..................................................................


WIND (MPH)
  HIGHEST WIND SPEED    33   HIGHEST WIND DIRECTION     N (340)
  HIGHEST GUST SPEED    41   HIGHEST GUST DIRECTION    NW (320)
  AVERAGE WIND SPEED    18.3


SKY COVER
  POSSIBLE SUNSHINE  MM
  AVERAGE SKY COVER 0.2


WEATHER CONDITIONS
 THE FOLLOWING WEATHER WAS RECORDED YESTERDAY.
  NO SIGNIFICANT WEATHER WAS OBSERVED.


RELATIVE HUMIDITY (PERCENT)
 HIGHEST    64           500 AM
 LOWEST     23           500 PM
 AVERAGE    44

..........................................................


THE GLASGOW MT CLIMATE NORMALS FOR TODAY
                         NORMAL    RECORD    YEAR
 MAXIMUM TEMPERATURE (F)   60        87      1952
 MINIMUM TEMPERATURE (F)   33        11      1966
                                             1951


SUNRISE AND SUNSET
APRIL 19 2015.........SUNRISE   609 AM MDT   SUNSET   803 PM MDT
APRIL 20 2015.........SUNRISE   608 AM MDT   SUNSET   804 PM MDT


-  INDICATES NEGATIVE NUMBERS.
R  INDICATES RECORD WAS SET OR TIED.
MM INDICATES DATA IS MISSING.
T  INDICATES TRACE AMOUNT.




$$
