000
CDUS44 KJAN 062112
CLIGLH


CLIMATE REPORT
NATIONAL WEATHER SERVICE JACKSON MS
411 PM CDT WED MAY 6 2015


...................................

...THE GREENVILLE CLIMATE SUMMARY FOR MAY 6 2015...
VALID TODAY AS OF 0400 PM LOCAL TIME.

CLIMATE NORMAL PERIOD 1981 TO 2010
CLIMATE RECORD PERIOD 1920 TO 2015


WEATHER ITEM   OBSERVED TIME   RECORD YEAR NORMAL DEPARTURE LAST
                VALUE   (LST)  VALUE       VALUE  FROM      YEAR
                                                  NORMAL
..................................................................
TEMPERATURE (F)
 TODAY
  MAXIMUM         87    259 PM  92    2012  80      7       83
                                      1955
  MINIMUM         61    425 AM  45    2005  59      2       61
  AVERAGE         74                        70      4       72

PRECIPITATION (IN)
  TODAY            0.00          2.05 1960   0.18  -0.18     0.00
  MONTH TO DATE    0.00                      1.08  -1.08     0.00
  SINCE MAR 1      8.89                     10.44  -1.55    14.58
  SINCE JAN 1     15.34                     20.43  -5.09    18.88

SNOWFALL (IN)
  TODAY            0.0

DEGREE DAYS
 HEATING
  TODAY            0                         1     -1        0
  MONTH TO DATE    3                         6     -3       12
  SINCE MAR 1    377                       458    -81      580
  SINCE JUL 1   2864                      2767     97     3187

 COOLING
  TODAY            9                         6      3        7
  MONTH TO DATE   31                        30      1       22
  SINCE MAR 1    129                       111     18       96
  SINCE JAN 1    129                       116     13       96
..................................................................


WIND (MPH)
  HIGHEST WIND SPEED    17   HIGHEST WIND DIRECTION    SE (150)
  HIGHEST GUST SPEED    23   HIGHEST GUST DIRECTION     S (160)
  AVERAGE WIND SPEED     8.5


SKY COVER
  POSSIBLE SUNSHINE  MM
  AVERAGE SKY COVER 0.2


WEATHER CONDITIONS
 THE FOLLOWING WEATHER WAS RECORDED TODAY.
  NO SIGNIFICANT WEATHER WAS OBSERVED.


RELATIVE HUMIDITY (PERCENT)
 HIGHEST    84           400 AM
 LOWEST     31           300 PM
 AVERAGE    58

..........................................................


THE GREENVILLE CLIMATE NORMALS FOR TOMORROW
                         NORMAL    RECORD    YEAR
 MAXIMUM TEMPERATURE (F)   80        91      2010
                                             1952
 MINIMUM TEMPERATURE (F)   60        42      1944


SUNRISE AND SUNSET
MAY  6 2015...........SUNRISE   611 AM CDT   SUNSET   750 PM CDT
MAY  7 2015...........SUNRISE   610 AM CDT   SUNSET   751 PM CDT


-  INDICATES NEGATIVE NUMBERS.
R  INDICATES RECORD WAS SET OR TIED.
MM INDICATES DATA IS MISSING.
T  INDICATES TRACE AMOUNT.




$$
