000
CDUS44 KHGX 062122
CLIGLS


CLIMATE REPORT
NATIONAL WEATHER SERVICE HOUSTON/GALVESTON TX
421 PM CDT WED MAY 6 2015


...................................

...THE GALVESTON CLIMATE SUMMARY FOR MAY 6 2015...
VALID TODAY AS OF 400 PM LOCAL TIME.

CLIMATE NORMAL PERIOD 1981 TO 2010
CLIMATE RECORD PERIOD 1875 TO 2015


WEATHER ITEM   OBSERVED TIME   RECORD YEAR NORMAL DEPARTURE LAST
                VALUE   (LST)  VALUE       VALUE  FROM      YEAR
                                                  NORMAL
..................................................................
TEMPERATURE (F)
 TODAY
  MAXIMUM         83    100 PM  85    2012  81      2       80
                                      2009
                                      2002
  MINIMUM         74    606 AM  53    1917  70      4       70
  AVERAGE         79                        75      4       75

PRECIPITATION (IN)
  TODAY            0.00          2.10 1987   0.13  -0.13     0.00
  MONTH TO DATE    T                         0.81  -0.81      T
  SINCE MAR 1     12.99                      7.02   5.97     1.92
  SINCE JAN 1     19.13                     13.79   5.34     4.97

SNOWFALL (IN)
  TODAY            0.0          MM      MM  MM     MM        0.0
  MONTH TO DATE    0.0                      MM     MM        0.0
  SINCE MAR 1      0.0                      MM     MM        0.0
  SINCE JUL 1      0.0                      MM     MM         T
  SNOW DEPTH       0

DEGREE DAYS
 HEATING
  TODAY            0                         0      0        0
  MONTH TO DATE    0                         0      0        0
  SINCE MAR 1    120                       121     -1      186
  SINCE JUL 1   1182                      1009    173     1425

 COOLING
  TODAY           14                        10      4       10
  MONTH TO DATE   64                        58      6       40
  SINCE MAR 1    341                       284     57      221
  SINCE JAN 1    347                       301     46      228
..................................................................


WIND (MPH)
  RESULTANT WIND SPEED  17   RESULTANT WIND DIRECTION  SE (120)
  HIGHEST WIND SPEED    24   HIGHEST WIND DIRECTION    SE (130)
  HIGHEST GUST SPEED    30   HIGHEST GUST DIRECTION    SE (120)
  AVERAGE WIND SPEED    17.3


SKY COVER
  AVERAGE SKY COVER 0.5


WEATHER CONDITIONS
 THE FOLLOWING WEATHER WAS RECORDED TODAY.
  FOG
  HAZE


RELATIVE HUMIDITY (PERCENT)
 HIGHEST    93           400 AM
 LOWEST     74          1100 AM
 AVERAGE    84

..........................................................


THE GALVESTON CLIMATE NORMALS FOR TOMORROW
                         NORMAL    RECORD    YEAR
 MAXIMUM TEMPERATURE (F)   81        87      1934
                                             1876
 MINIMUM TEMPERATURE (F)   70        53      1917


SUNRISE AND SUNSET
MAY  6 2015...........SUNRISE   634 AM CDT   SUNSET   759 PM CDT
MAY  7 2015...........SUNRISE   633 AM CDT   SUNSET   759 PM CDT


-  INDICATES NEGATIVE NUMBERS.
R  INDICATES RECORD WAS SET OR TIED.
MM INDICATES DATA IS MISSING.
T  INDICATES TRACE AMOUNT.




$$
