000
CDUS42 KJAX 010531
CLIGNV


CLIMATE REPORT
NATIONAL WEATHER SERVICE JACKSONVILLE FL
131 AM EDT WED APR 1 2015


...................................

...THE GAINESVILLE CLIMATE SUMMARY FOR MARCH 31 2015...

CLIMATE NORMAL PERIOD 1981 TO 2010
CLIMATE RECORD PERIOD 1890 TO 2015


WEATHER ITEM   OBSERVED TIME   RECORD YEAR NORMAL DEPARTURE LAST
                VALUE   (LST)  VALUE       VALUE  FROM      YEAR
                                                  NORMAL
..................................................................
TEMPERATURE (F)
 YESTERDAY
  MAXIMUM         81    417 PM  96    1907  77      4       80
  MINIMUM         57    514 AM  29    1964  52      5       44
  AVERAGE         69                        65      4       62

PRECIPITATION (IN)
  YESTERDAY        0.00          2.88 1915   0.13  -0.13     0.00
  MONTH TO DATE    1.17                      4.33  -3.16     5.50
  SINCE MAR 1      1.17                      4.33  -3.16     5.50
  SINCE JAN 1      6.43                     10.84  -4.41    15.07

SNOWFALL (IN)
  YESTERDAY        0.0           0.0    MM   0.0    0.0      0.0
  MONTH TO DATE    0.0                       0.0    0.0      0.0
  SINCE MAR 1      0.0                       0.0    0.0      0.0
  SINCE JUL 1      0.0                       0.0    0.0      0.0
  SNOW DEPTH       0

DEGREE DAYS
 HEATING
  YESTERDAY        0                         3     -3        3
  MONTH TO DATE   60                       138    -78      163
  SINCE MAR 1     60                       137    -77      163
  SINCE JUL 1   1211                      1171     40     1073

 COOLING
  YESTERDAY        4                         2      2        0
  MONTH TO DATE  139                        54     85       25
  SINCE MAR 1    139                        54     85       25
  SINCE JAN 1    154                        86     68       62
..................................................................


WIND (MPH)
  HIGHEST WIND SPEED    20   HIGHEST WIND DIRECTION     W (260)
  HIGHEST GUST SPEED    25   HIGHEST GUST DIRECTION     W (260)
  AVERAGE WIND SPEED     9.2


SKY COVER
  POSSIBLE SUNSHINE  MM
  AVERAGE SKY COVER 0.4


WEATHER CONDITIONS
 THE FOLLOWING WEATHER WAS RECORDED YESTERDAY.
  NO SIGNIFICANT WEATHER WAS OBSERVED.


RELATIVE HUMIDITY (PERCENT)
 HIGHEST   100           700 AM
 LOWEST     45           400 PM
 AVERAGE    73

..........................................................


THE GAINESVILLE CLIMATE NORMALS FOR TODAY
                         NORMAL    RECORD    YEAR
 MAXIMUM TEMPERATURE (F)   77        91      2005
                                             1974
                                             1907
 MINIMUM TEMPERATURE (F)   52        33      2003


SUNRISE AND SUNSET
APRIL  1 2015.........SUNRISE   719 AM EDT   SUNSET   748 PM EDT
APRIL  2 2015.........SUNRISE   718 AM EDT   SUNSET   748 PM EDT


-  INDICATES NEGATIVE NUMBERS.
R  INDICATES RECORD WAS SET OR TIED.
MM INDICATES DATA IS MISSING.
T  INDICATES TRACE AMOUNT.




$$
