000
CDUS42 KFFC 260831
CLIGVL


CLIMATE REPORT
NATIONAL WEATHER SERVICE PEACHTREE CITY GA
431 AM EDT SUN APR 26 2015


...................................

...THE GAINESVILLE   CLIMATE SUMMARY FOR APRIL 25 2015...

CLIMATE NORMAL PERIOD 1981 TO 2010
CLIMATE RECORD PERIOD 9999 TO 9999


WEATHER ITEM   OBSERVED TIME   RECORD YEAR NORMAL DEPARTURE LAST
                VALUE   (LST)  VALUE       VALUE  FROM      YEAR
                                                  NORMAL
..................................................................
TEMPERATURE (F)
 YESTERDAY
  MAXIMUM         74    429 PM  MM      MM  73      1       77
  MINIMUM         55    755 AM  MM      MM  52      3       57
  AVERAGE         65                        63      2       67

PRECIPITATION (IN)
  YESTERDAY        0.59         MM      MM   0.13   0.46     0.00
  MONTH TO DATE    5.04                      2.96   2.08     5.50
  SINCE MAR 1      6.79                      8.38  -1.59     8.75
  SINCE JAN 1     14.97                     18.28  -3.31    14.74

SNOWFALL (IN)
  YESTERDAY       MM            MM      MM  MM     MM       MM
  MONTH TO DATE    0.0                      MM     MM        0.0
  SINCE MAR 1      0.0                      MM     MM        0.0
  SINCE JUL 1      T                        MM     MM         T
  SNOW DEPTH      MM

DEGREE DAYS
 HEATING
  YESTERDAY        0                         4     -4        0
  MONTH TO DATE   81                       158    -77      141
  SINCE MAR 1    378                       546   -168      598
  SINCE JUL 1   3008                      3010     -2     3267

 COOLING
  YESTERDAY        0                         2     -2        2
  MONTH TO DATE   41                        24     17       17
  SINCE MAR 1     43                        29     14       17
  SINCE JAN 1     43                        29     14       17
..................................................................


WIND (MPH)
  RESULTANT WIND SPEED   2   RESULTANT WIND DIRECTION  SW (230)
  HIGHEST WIND SPEED    16   HIGHEST WIND DIRECTION    SE (120)
  HIGHEST GUST SPEED    21   HIGHEST GUST DIRECTION     W (260)
  AVERAGE WIND SPEED     4.6


SKY COVER
  AVERAGE SKY COVER 0.7


WEATHER CONDITIONS
 THE FOLLOWING WEATHER WAS RECORDED YESTERDAY.
  HEAVY RAIN
  RAIN
  LIGHT RAIN
  FOG


RELATIVE HUMIDITY (PERCENT)
 HIGHEST    93           400 AM
 LOWEST     52           100 AM
 AVERAGE    73

..........................................................


THE GAINESVILLE   CLIMATE NORMALS FOR TODAY
                         NORMAL    RECORD    YEAR
 MAXIMUM TEMPERATURE (F)   74        MM        MM
 MINIMUM TEMPERATURE (F)   52        MM        MM


SUNRISE AND SUNSET
APRIL 26 2015.........SUNRISE   651 AM EDT   SUNSET   815 PM EDT
APRIL 27 2015.........SUNRISE   650 AM EDT   SUNSET   816 PM EDT


-  INDICATES NEGATIVE NUMBERS.
R  INDICATES RECORD WAS SET OR TIED.
MM INDICATES DATA IS MISSING.
T  INDICATES TRACE AMOUNT.




$$
