000
CDUS41 KGYX 170801
CLIGYX


CLIMATE REPORT
NATIONAL WEATHER SERVICE GRAY ME
401 AM EDT FRI APR 17 2015


...................................

...THE GRAY ME CLIMATE SUMMARY FOR APRIL 16 2015...

CLIMATE NORMAL PERIOD 1981 TO 2010
CLIMATE RECORD PERIOD 1995 TO 2015


WEATHER ITEM   OBSERVED TIME   RECORD YEAR NORMAL DEPARTURE LAST
                VALUE   (LST)  VALUE       VALUE  FROM      YEAR
                                                  NORMAL
..................................................................
TEMPERATURE (F)
 YESTERDAY
  MAXIMUM         57        MM  MM      MM  54      3       37
  MINIMUM         35        MM  MM      MM  35      0       24
  AVERAGE         46                        44      2       31

PRECIPITATION (IN)
  YESTERDAY        0.00         MM      MM   0.15  -0.15     0.26
  MONTH TO DATE    0.77                      2.39  -1.62     2.40
  SINCE MAR 1      2.29                      6.56  -4.27     6.28
  SINCE JAN 1      8.26                     13.40  -5.14    13.27

SNOWFALL (IN)
  YESTERDAY        0.0          MM      MM   0.1   -0.1      1.1
  MONTH TO DATE    3.0                       3.6   -0.6      1.2
  SINCE MAR 1      8.2                      23.5  -15.3      8.9
  SINCE JUL 1    107.3                      82.6   24.7     83.0
  SNOW DEPTH       0

DEGREE DAYS
 HEATING
  YESTERDAY       19                        20     -1       34
  MONTH TO DATE  385                       378      7      362
  SINCE MAR 1   1520                      1371    149     1588
  SINCE JUL 1   6996                      6529    467     6998

 COOLING
  YESTERDAY        0                         0      0        0
  MONTH TO DATE    0                         0      0        0
  SINCE MAR 1      0                         0      0        0
  SINCE JAN 1      0                         0      0        0
..................................................................







THE GRAY ME CLIMATE NORMALS FOR TODAY
                         NORMAL
 MAXIMUM TEMPERATURE (F)   54
 MINIMUM TEMPERATURE (F)   36


SUNRISE AND SUNSET
APRIL 17 2015.........SUNRISE   555 AM EDT   SUNSET   727 PM EDT
APRIL 18 2015.........SUNRISE   553 AM EDT   SUNSET   728 PM EDT


-  INDICATES NEGATIVE NUMBERS.
R  INDICATES RECORD WAS SET OR TIED.
MM INDICATES DATA IS MISSING.
T  INDICATES TRACE AMOUNT.




$$
