000
CDUS46 KPQR 281143
CLIHIO


CLIMATE REPORT
NATIONAL WEATHER SERVICE PORTLAND OREGON
442 AM PDT TUE APR 28 2015


...................................

...THE HILLSBORO OR CLIMATE SUMMARY FOR APRIL 27 2015...

CLIMATE NORMAL PERIOD 1981 TO 2010
CLIMATE RECORD PERIOD 1929 TO 2015


WEATHER ITEM   OBSERVED TIME   RECORD YEAR NORMAL DEPARTURE LAST
                VALUE   (LST)  VALUE       VALUE  FROM      YEAR
                                                  NORMAL
..................................................................
TEMPERATURE (F)
 YESTERDAY
  MAXIMUM         82    446 PM  86    1987  63     19       56
  MINIMUM         51    415 AM  28    1948  41     10       39
  AVERAGE         67                        52     15       48

PRECIPITATION (IN)
  YESTERDAY        T             1.63 1962   0.09  -0.09
  MONTH TO DATE    1.38                      2.77  -1.39
  SINCE OCT 1     28.47                     33.36  -4.89
  SINCE JAN 1     13.64                     16.97  -3.33

SNOWFALL (IN)
  YESTERDAY        0.0
  MONTH TO DATE    0.0
  SINCE MAR 1      0.0
  SINCE JUL 1      0.0
  SNOW DEPTH       0

DEGREE DAYS
 HEATING
  YESTERDAY        0                        13    -13
  MONTH TO DATE  404                       410     -6
  SINCE JUL 1   3538                      4524   -986

 COOLING
  YESTERDAY        2                         0      2
  MONTH TO DATE    2                         0      2
  SINCE JAN 1      2                         0      2
..................................................................


WIND (MPH)
  HIGHEST WIND SPEED    14   HIGHEST WIND DIRECTION     E (80)
  HIGHEST GUST SPEED    17   HIGHEST GUST DIRECTION     E (80)
  AVERAGE WIND SPEED     3.1


SKY COVER
  POSSIBLE SUNSHINE  MM
  AVERAGE SKY COVER 0.4


WEATHER CONDITIONS
 THE FOLLOWING WEATHER WAS RECORDED YESTERDAY.
  FOG


RELATIVE HUMIDITY (PERCENT)
 HIGHEST   100           500 AM
 LOWEST     38           700 PM
 AVERAGE    69

..........................................................


THE HILLSBORO OR CLIMATE NORMALS FOR TODAY
                         NORMAL    RECORD    YEAR
 MAXIMUM TEMPERATURE (F)   64        87      1931
 MINIMUM TEMPERATURE (F)   41        31      1973


SUNRISE AND SUNSET
APRIL 28 2015.........SUNRISE   605 AM PDT   SUNSET   815 PM PDT
APRIL 29 2015.........SUNRISE   603 AM PDT   SUNSET   816 PM PDT


-  INDICATES NEGATIVE NUMBERS.
R  INDICATES RECORD WAS SET OR TIED.
MM INDICATES DATA IS MISSING.
T  INDICATES TRACE AMOUNT.




$$
