000
CDUS46 KHNX 040820
CLIHJO


CLIMATE REPORT
NATIONAL WEATHER SERVICE SAN JOAQUIN VALLEY, CA
120 AM PDT MON MAY 4 2015


...................................

...THE HANFORD CA CLIMATE SUMMARY FOR MAY 3 2015...

CLIMATE NORMAL PERIOD 1981 TO 2010
CLIMATE RECORD PERIOD 1998 TO 2015


WEATHER ITEM   OBSERVED TIME   RECORD YEAR NORMAL DEPARTURE
                VALUE   (LST)  VALUE       VALUE  FROM
                                                  NORMAL
...............................................................
TEMPERATURE (F)
 YESTERDAY
  MAXIMUM         89    133 PM  99    2004  80      9
  MINIMUM         52    504 AM  47    2007  51      1
  AVERAGE         71                        66      5

PRECIPITATION (IN)
  YESTERDAY        0.00          0.38 2003   0.02  -0.02
  MONTH TO DATE    0.00                      0.06  -0.06
  SINCE OCT 1      4.97                      9.38  -4.41
  SINCE JAN 1      1.85                      6.25  -4.40

SNOWFALL (IN)
  YESTERDAY        0.0
  MONTH TO DATE    0.0
  SINCE MAR 1      0.0
  SINCE JUL 1      0.0
  SNOW DEPTH       0

DEGREE DAYS
 HEATING
  YESTERDAY        0
  MONTH TO DATE    0
  SINCE MAR 1    150
  SINCE JUL 1   1692

 COOLING
  YESTERDAY        6
  MONTH TO DATE   29
  SINCE MAR 1    182
  SINCE JAN 1    182
...............................................................


WIND (MPH)
  HIGHEST WIND SPEED    22   HIGHEST WIND DIRECTION     S (200)
  HIGHEST GUST SPEED    30   HIGHEST GUST DIRECTION     S (190)
  AVERAGE WIND SPEED     6.2




RELATIVE HUMIDITY (PERCENT)
 HIGHEST    59
 LOWEST      9
 AVERAGE    34

..........................................................


THE HANFORD CA CLIMATE NORMALS FOR TODAY
                         NORMAL    RECORD    YEAR
 MAXIMUM TEMPERATURE (F)   81       100      2004
 MINIMUM TEMPERATURE (F)   51        46      1999


SUNRISE AND SUNSET
MAY  4 2015...........SUNRISE   602 AM PDT   SUNSET   749 PM PDT
MAY  5 2015...........SUNRISE   601 AM PDT   SUNSET   750 PM PDT


-  INDICATES NEGATIVE NUMBERS.
R  INDICATES RECORD WAS SET OR TIED.
MM INDICATES DATA IS MISSING.
T  INDICATES TRACE AMOUNT.




$$
